{"id":2,"date":"2019-01-09T17:12:01","date_gmt":"2019-01-09T17:12:01","guid":{"rendered":"http:\/\/blogg.sh.se\/paus\/?page_id=2"},"modified":"2019-02-08T07:32:13","modified_gmt":"2019-02-08T07:32:13","slug":"about","status":"publish","type":"page","link":"https:\/\/blogg.sh.se\/paus\/about\/","title":{"rendered":"Om projektet"},"content":{"rendered":"\n<p>F\u00f6r att stimulera personr\u00f6rlighet och nytt l\u00e4rande kring detta jobbar sju av landets l\u00e4ros\u00e4ten; Blekinge tekniska h\u00f6gskola, H\u00f6gskolan i Bor\u00e5s, G\u00f6teborg universitet, Karolinska institutet, Kungliga tekniska h\u00f6gskolan, S\u00f6dert\u00f6rns h\u00f6gskola och \u00d6rebro universitet plus \u00c5bo akademi i Finland tillsammans i det Vinnovafinansierade projektet \u201dPAUS &#8211; Personr\u00f6rlighet f\u00f6r akademin med utbildningsfokus och studentmedverkan\u201d. Projektet leds av S\u00f6dert\u00f6rns h\u00f6gskola. Syftet med projektet \u00e4r att dokumentera och sprida erfarenheter fr\u00e5n utbyten d\u00e4r forskare och l\u00e4rare vistas 20 % av sin arbetstid i 6 m\u00e5nader ute i en annan icke-akademisk organisation med fokus p\u00e5 att bidra till \u00f6kad kvalitet i undervisning. Projektet \u00e4r en sektors\u00f6vergripande satsning som m\u00f6jligg\u00f6r att flera l\u00e4ros\u00e4ten samtidigt genomf\u00f6r vistelser d\u00e4r gemensamt l\u00e4rande och erfarenhetsutbyten \u00f6kar m\u00f6jligheterna f\u00f6r utveckling inom omr\u00e5det. Totalt kommer ca 65 vistelser genomf\u00f6ras i en m\u00e4ngd olika organisationer i privat, offentlig och id\u00e9buren sektor, under de tre \u00e5r projektet p\u00e5g\u00e5r mellan 2018-2020.<\/p>\n\n\n\n<p>Projektet \u00e4r ett av 17 projekt kring samverkansutveckling som finansieras inom VINNOVAs program \u201dKunskapstriangeln\u201d \u2013 K3. F\u00f6r en \u00f6versikt av alla projekt: <a href=\"http:\/\/www.unilink.se\/vinnovas-k3-projekt\">http:\/\/www.unilink.se\/vinnovas-k3-projekt<\/a><\/p>\n","protected":false},"excerpt":{"rendered":"<p>F\u00f6r att stimulera personr\u00f6rlighet och nytt l\u00e4rande kring detta jobbar sju av landets l\u00e4ros\u00e4ten; Blekinge tekniska h\u00f6gskola, H\u00f6gskolan i Bor\u00e5s, G\u00f6teborg universitet, Karolinska institutet, Kungliga tekniska h\u00f6gskolan, S\u00f6dert\u00f6rns h\u00f6gskola och \u00d6rebro universitet plus \u00c5bo akademi i Finland tillsammans i det Vinnovafinansierade projektet \u201dPAUS &#8211; Personr\u00f6rlighet f\u00f6r akademin med utbildningsfokus och studentmedverkan\u201d. Projektet leds av S\u00f6dert\u00f6rns [&hellip;]<\/p>\n","protected":false},"author":1,"featured_media":0,"parent":0,"menu_order":0,"comment_status":"open","ping_status":"open","template":"","meta":[],"_links":{"self":[{"href":"https:\/\/blogg.sh.se\/paus\/wp-json\/wp\/v2\/pages\/2"}],"collection":[{"href":"https:\/\/blogg.sh.se\/paus\/wp-json\/wp\/v2\/pages"}],"about":[{"href":"https:\/\/blogg.sh.se\/paus\/wp-json\/wp\/v2\/types\/page"}],"author":[{"embeddable":true,"href":"https:\/\/blogg.sh.se\/paus\/wp-json\/wp\/v2\/users\/1"}],"replies":[{"embeddable":true,"href":"https:\/\/blogg.sh.se\/paus\/wp-json\/wp\/v2\/comments?post=2"}],"version-history":[{"count":6,"href":"https:\/\/blogg.sh.se\/paus\/wp-json\/wp\/v2\/pages\/2\/revisions"}],"predecessor-version":[{"id":39,"href":"https:\/\/blogg.sh.se\/paus\/wp-json\/wp\/v2\/pages\/2\/revisions\/39"}],"wp:attachment":[{"href":"https:\/\/blogg.sh.se\/paus\/wp-json\/wp\/v2\/media?parent=2"}],"curies":[{"name":"wp","href":"https:\/\/api.w.org\/{rel}","templated":true}]}}