{"id":176,"date":"2022-06-23T13:44:27","date_gmt":"2022-06-23T13:44:27","guid":{"rendered":"https:\/\/blogg.sh.se\/nightlife\/?page_id=176"},"modified":"2022-09-07T14:40:35","modified_gmt":"2022-09-07T14:40:35","slug":"delta","status":"publish","type":"page","link":"https:\/\/blogg.sh.se\/nightlife\/delta\/","title":{"rendered":"Vi s\u00f6ker deltagare"},"content":{"rendered":"\n<p class=\"has-text-align-center has-larger-font-size\">Har du varit ute och festat nyligen?<\/p>\n\n\n\n<p class=\"has-text-align-center has-larger-font-size\">\u00c4r du mellan 18 och 25 \u00e5r? <\/p>\n\n\n\n<p class=\"has-text-align-center has-larger-font-size\">Vill du bidra till \u00f6kad kunskap om hur alkohol och berusning p\u00e5verkar sexuella initiativ, gr\u00e4nsdragningar och trakasserier i nattlivet?<\/p>\n\n\n\n<div class=\"wp-block-cover\"><span aria-hidden=\"true\" class=\"wp-block-cover__background has-background-dim\"><\/span><img loading=\"lazy\" decoding=\"async\" width=\"1024\" height=\"683\" class=\"wp-block-cover__image-background wp-image-289\" alt=\"\" src=\"https:\/\/blogg.sh.se\/nightlife\/wp-content\/uploads\/2022\/06\/party-gce6ef3737_1920-4-1024x683.jpg\" data-object-fit=\"cover\" srcset=\"https:\/\/blogg.sh.se\/nightlife\/wp-content\/uploads\/2022\/06\/party-gce6ef3737_1920-4-1024x683.jpg 1024w, https:\/\/blogg.sh.se\/nightlife\/wp-content\/uploads\/2022\/06\/party-gce6ef3737_1920-4-300x200.jpg 300w, https:\/\/blogg.sh.se\/nightlife\/wp-content\/uploads\/2022\/06\/party-gce6ef3737_1920-4-768x512.jpg 768w, https:\/\/blogg.sh.se\/nightlife\/wp-content\/uploads\/2022\/06\/party-gce6ef3737_1920-4-1536x1024.jpg 1536w, https:\/\/blogg.sh.se\/nightlife\/wp-content\/uploads\/2022\/06\/party-gce6ef3737_1920-4-1200x800.jpg 1200w, https:\/\/blogg.sh.se\/nightlife\/wp-content\/uploads\/2022\/06\/party-gce6ef3737_1920-4.jpg 1920w\" sizes=\"auto, (max-width: 1024px) 100vw, 1024px\" \/><div class=\"wp-block-cover__inner-container is-layout-flow wp-block-cover-is-layout-flow\">\n<p class=\"has-text-align-center has-large-font-size\">Dela med dig av dina erfarenheter i en intervju!<\/p>\n\n\n\n<div class=\"wp-block-buttons is-content-justification-center is-layout-flex wp-container-core-buttons-is-layout-16018d1d wp-block-buttons-is-layout-flex\">\n<div class=\"wp-block-button\"><a class=\"wp-block-button__link\" href=\"https:\/\/blogg.sh.se\/nightlife\/kontakt\/\">Jag vill delta<\/a><\/div>\n<\/div>\n<\/div><\/div>\n\n\n\n<div class=\"wp-block-buttons is-layout-flex wp-block-buttons-is-layout-flex\"><\/div>\n\n\n\n<p> <\/p>\n\n\n\n<p><\/p>\n\n\n\n<p class=\"has-large-font-size\">Information om att medverka i en forskningsintervju<\/p>\n\n\n\n<p><strong>Varf\u00f6r ska jag delta?<\/strong><\/p>\n\n\n\n<p>Du vill bidra till \u00f6kad kunskap om alkoholens roll i unga vuxnas upplevelser av \u00f6nskade och o\u00f6nskade sexuella situationer i nattlivet.<\/p>\n\n\n\n<p><strong>Vem kan delta?<\/strong><\/p>\n\n\n\n<ul class=\"wp-block-list\"><li>Du \u00e4r 18-25 \u00e5r och har en eller flera erfarenheter av att dricka alkohol under de senaste m\u00e5naderna.<\/li><li>Du tror att du eller n\u00e5gon du k\u00e4nner har haft en eller flera erfarenheter av att sexuella gr\u00e4nser har \u00f6verskridits, eller har \u00f6verskridit n\u00e5gon annans sexuella gr\u00e4nser i samband med festande och drickande.<\/li><\/ul>\n\n\n\n<p><strong>Vad inneb\u00e4r det att delta?<\/strong><\/p>\n\n\n\n<ul class=\"wp-block-list\"><li>Du tr\u00e4ffar intervjuaren f\u00f6r ett enskilt samtal som tar ca 1,5-2 timmar.  Tid och plats f\u00f6r intervjun kommer vi \u00f6verens om beroende p\u00e5 vad som passar dig. <\/li><li>Du beh\u00f6ver inte f\u00f6rbereda dig. Intervjuaren st\u00e4ller fr\u00e5gor om dina egna tankar och erfarenheter av berusning och sexuella gr\u00e4nser i nattlivet.<\/li><li>Medverkan \u00e4r frivillig (du v\u00e4ljer sj\u00e4lv om du vill medverka i intervjun, vilka fr\u00e5gor du k\u00e4nner dig bekv\u00e4m att svara p\u00e5, om du vill ta paus eller avsluta intervjun).<\/li><li>Uppgifter som du l\u00e4mnar om dig sj\u00e4lv eller andra, och erfarenheter som du delar med dig av, kommer inte kunna kopplas till dig som person f\u00f6r n\u00e5gon utanf\u00f6r forskningsprojektet.<\/li><\/ul>\n\n\n\n<p><strong>Du \u00e4r intresserad av att delta men \u00e4r os\u00e4ker p\u00e5 om du \u00e4r r\u00e4tt person?<\/strong><\/p>\n\n\n\n<p>H\u00f6r av dig till oss, s\u00e5 ber\u00e4ttar vi mer!<\/p>\n\n\n\n<p><strong>Du vill delta men vet inte om det kan bli jobbigt att prata om detta med en forskare?<\/strong><\/p>\n\n\n\n<p>I intervjun best\u00e4mmer du sj\u00e4lv vad du vill ber\u00e4tta och vilka fr\u00e5gor du vill svara p\u00e5. M\u00e5nga som deltar tycker att det kan k\u00e4nnas st\u00e4rkande att prata om och reflektera kring sina upplevelser. Om samtalet \u00e4nd\u00e5 skulle v\u00e4cka minnen, tankar eller k\u00e4nslor som du tycker \u00e4r obehagliga kan du f\u00e5 kontaktuppgifter till <a href=\"https:\/\/blogg.sh.se\/nightlife\/lankar\/\" data-type=\"page\" data-id=\"228\">st\u00f6dlinjer och f\u00f6reningar<\/a> som kan hj\u00e4lpa dig att hantera dessa och svara p\u00e5 fr\u00e5gor.<\/p>\n\n\n\n<div class=\"wp-block-columns is-layout-flex wp-container-core-columns-is-layout-9d6595d7 wp-block-columns-is-layout-flex\">\n<div class=\"wp-block-column is-layout-flow wp-block-column-is-layout-flow\" style=\"flex-basis:100%\">\n<div class=\"wp-block-buttons is-content-justification-center is-layout-flex wp-container-core-buttons-is-layout-16018d1d wp-block-buttons-is-layout-flex\"><\/div>\n<\/div>\n<\/div>\n\n\n\n<div class=\"wp-block-cover\"><span aria-hidden=\"true\" class=\"wp-block-cover__background has-background-dim\"><\/span><img loading=\"lazy\" decoding=\"async\" width=\"1024\" height=\"683\" class=\"wp-block-cover__image-background wp-image-277\" alt=\"\" src=\"https:\/\/blogg.sh.se\/nightlife\/wp-content\/uploads\/2022\/06\/party-gce6ef3737_1920-3-1024x683.jpg\" data-object-fit=\"cover\" srcset=\"https:\/\/blogg.sh.se\/nightlife\/wp-content\/uploads\/2022\/06\/party-gce6ef3737_1920-3-1024x683.jpg 1024w, https:\/\/blogg.sh.se\/nightlife\/wp-content\/uploads\/2022\/06\/party-gce6ef3737_1920-3-300x200.jpg 300w, https:\/\/blogg.sh.se\/nightlife\/wp-content\/uploads\/2022\/06\/party-gce6ef3737_1920-3-768x512.jpg 768w, https:\/\/blogg.sh.se\/nightlife\/wp-content\/uploads\/2022\/06\/party-gce6ef3737_1920-3-1536x1024.jpg 1536w, https:\/\/blogg.sh.se\/nightlife\/wp-content\/uploads\/2022\/06\/party-gce6ef3737_1920-3-1200x800.jpg 1200w, https:\/\/blogg.sh.se\/nightlife\/wp-content\/uploads\/2022\/06\/party-gce6ef3737_1920-3.jpg 1920w\" sizes=\"auto, (max-width: 1024px) 100vw, 1024px\" \/><div class=\"wp-block-cover__inner-container is-layout-flow wp-block-cover-is-layout-flow\">\n<p class=\"has-text-align-center has-large-font-size\">Har du fr\u00e5gor eller vill du anm\u00e4la intresse f\u00f6r att delta i studien?<\/p>\n\n\n\n<div class=\"wp-block-buttons is-content-justification-center is-layout-flex wp-container-core-buttons-is-layout-16018d1d wp-block-buttons-is-layout-flex\">\n<div class=\"wp-block-button\"><a class=\"wp-block-button__link\" href=\"https:\/\/blogg.sh.se\/nightlife\/kontakt\/\">Kontakta oss<\/a><\/div>\n<\/div>\n<\/div><\/div>\n","protected":false},"excerpt":{"rendered":"<p>Har du varit ute och festat nyligen? \u00c4r du mellan 18 och 25 \u00e5r? Vill du bidra till \u00f6kad kunskap om hur alkohol och berusning p\u00e5verkar sexuella initiativ, gr\u00e4nsdragningar och trakasserier i nattlivet? Information om att medverka i en forskningsintervju Varf\u00f6r ska jag delta? Du vill bidra till \u00f6kad kunskap om alkoholens roll i unga [&hellip;]<\/p>\n","protected":false},"author":2,"featured_media":0,"parent":0,"menu_order":0,"comment_status":"closed","ping_status":"closed","template":"","meta":{"_ti_tpc_template_sync":false,"_ti_tpc_template_id":"","footnotes":""},"class_list":["post-176","page","type-page","status-publish","hentry"],"_links":{"self":[{"href":"https:\/\/blogg.sh.se\/nightlife\/wp-json\/wp\/v2\/pages\/176","targetHints":{"allow":["GET"]}}],"collection":[{"href":"https:\/\/blogg.sh.se\/nightlife\/wp-json\/wp\/v2\/pages"}],"about":[{"href":"https:\/\/blogg.sh.se\/nightlife\/wp-json\/wp\/v2\/types\/page"}],"author":[{"embeddable":true,"href":"https:\/\/blogg.sh.se\/nightlife\/wp-json\/wp\/v2\/users\/2"}],"replies":[{"embeddable":true,"href":"https:\/\/blogg.sh.se\/nightlife\/wp-json\/wp\/v2\/comments?post=176"}],"version-history":[{"count":18,"href":"https:\/\/blogg.sh.se\/nightlife\/wp-json\/wp\/v2\/pages\/176\/revisions"}],"predecessor-version":[{"id":371,"href":"https:\/\/blogg.sh.se\/nightlife\/wp-json\/wp\/v2\/pages\/176\/revisions\/371"}],"wp:attachment":[{"href":"https:\/\/blogg.sh.se\/nightlife\/wp-json\/wp\/v2\/media?parent=176"}],"curies":[{"name":"wp","href":"https:\/\/api.w.org\/{rel}","templated":true}]}}