{"id":257,"date":"2023-01-16T19:23:25","date_gmt":"2023-01-16T19:23:25","guid":{"rendered":"https:\/\/metoo.blogs.dsv.su.se\/?page_id=257"},"modified":"2023-07-14T10:32:14","modified_gmt":"2023-07-14T10:32:14","slug":"g22-lardomar-av-metoo","status":"publish","type":"page","link":"https:\/\/blogg.sh.se\/metoo\/workshops\/g22-lardomar-av-metoo\/","title":{"rendered":"G22: L\u00e4rdomar av #metoo"},"content":{"rendered":"\n<h2>Betydelsen av feministiska infrastrukturer<span class=\"Apple-converted-space\">&nbsp;<\/span><\/h2>\n<p>Panel p\u00e5 <a href=\"https:\/\/www.kau.se\/en\/G22\">G22 i Karlstad<\/a> 27 oktober 15.30-17.00<\/p>\n<p>Chair: Hillevi Ganetz<\/p>\n<p style=\"font-weight: 400\">Syftet med denna panel \u00e4r att presentera och diskutera forskning om #metoo, fr\u00e4mst i Sverige, ur ett tv\u00e4rdisciplin\u00e4rt perspektiv. Panelen samlar forskare fr\u00e5n olika discipliner som data- och systemvetenskap, genusvetenskap, juridik, medie- och kommunikationsvetenskap, pedagogik, och statsvetenskap f\u00f6r att belysa hur #metoo-aktivismen i Sverige beskrivits och organiserats, samt vilka konsekvenser aktivismen haft f\u00f6r olika omr\u00e5den. S\u00e4rskilt kommer fr\u00e5gan om betydelsen av feministiska infrastrukturer diskuteras.<\/p>\n<h3 style=\"font-weight: 400\">Tystnadskulturer och scenkonst: Att f\u00f6rst\u00e5 och analysera sexuella trakasserier inom arbetslivet&nbsp;<\/h3>\n<p style=\"font-weight: 400\">Ann Werner, S\u00f6dert\u00f6rns h\u00f6gskola.<\/p>\n<h3 style=\"font-weight: 400\">#metoo och sexuella trakasserier bland svenska journalister: f\u00f6rklaringar, konsekvenser och strategier<\/h3>\n<p style=\"font-weight: 400\">Malin Sveningson, G\u00f6teborgs universitet.<\/p>\n<h3 style=\"font-weight: 400\">#metoo, byggbranschen och gr\u00f6na n\u00e4ringar<\/h3>\n<p style=\"font-weight: 400\">Hillevi Ganetz, Stockholms universitet.<\/p>\n<h3 style=\"font-weight: 400\">Feministiska infrastrukturer<\/h3>\n<p style=\"font-weight: 400\">Karin Hansson, S\u00f6dert\u00f6rns h\u00f6gskola.<\/p>\n<p>&nbsp;<\/p>\n","protected":false},"excerpt":{"rendered":"","protected":false},"author":2,"featured_media":0,"parent":73,"menu_order":0,"comment_status":"closed","ping_status":"closed","template":"","meta":{"footnotes":""},"class_list":["post-257","page","type-page","status-publish","hentry"],"_links":{"self":[{"href":"https:\/\/blogg.sh.se\/metoo\/wp-json\/wp\/v2\/pages\/257","targetHints":{"allow":["GET"]}}],"collection":[{"href":"https:\/\/blogg.sh.se\/metoo\/wp-json\/wp\/v2\/pages"}],"about":[{"href":"https:\/\/blogg.sh.se\/metoo\/wp-json\/wp\/v2\/types\/page"}],"author":[{"embeddable":true,"href":"https:\/\/blogg.sh.se\/metoo\/wp-json\/wp\/v2\/users\/2"}],"replies":[{"embeddable":true,"href":"https:\/\/blogg.sh.se\/metoo\/wp-json\/wp\/v2\/comments?post=257"}],"version-history":[{"count":1,"href":"https:\/\/blogg.sh.se\/metoo\/wp-json\/wp\/v2\/pages\/257\/revisions"}],"predecessor-version":[{"id":270,"href":"https:\/\/blogg.sh.se\/metoo\/wp-json\/wp\/v2\/pages\/257\/revisions\/270"}],"up":[{"embeddable":true,"href":"https:\/\/blogg.sh.se\/metoo\/wp-json\/wp\/v2\/pages\/73"}],"wp:attachment":[{"href":"https:\/\/blogg.sh.se\/metoo\/wp-json\/wp\/v2\/media?parent=257"}],"curies":[{"name":"wp","href":"https:\/\/api.w.org\/{rel}","templated":true}]}}