{"id":181,"date":"2020-11-23T19:40:08","date_gmt":"2020-11-23T19:40:08","guid":{"rendered":"http:\/\/metoo.blogs.dsv.su.se\/?page_id=181"},"modified":"2023-07-14T10:33:23","modified_gmt":"2023-07-14T10:33:23","slug":"metoo-forskning-i-sverige","status":"publish","type":"page","link":"https:\/\/blogg.sh.se\/metoo\/workshops\/metoo-forskning-i-sverige\/","title":{"rendered":"#Metoo-forskning i Sverige"},"content":{"rendered":"\n<p>Symposium 4 december, kl. 10-16, via Zoom.<\/p>\n\n\n\n<div class=\"wp-block-group\"><div class=\"wp-block-group__inner-container is-layout-flow wp-block-group-is-layout-flow\">\n<figure class=\"wp-block-table is-style-stripes\"><table><tbody><tr><td><strong>Talarlista<\/strong><\/td><td><strong>Inneh\u00e5ll<\/strong><\/td><\/tr><tr><td><strong>10-10.30<\/strong><\/td><td><strong>Inledning till dagen<\/strong><\/td><\/tr><tr><td><strong>10.30-11.45<\/strong><\/td><td><strong>Tema 1- Diskurser<\/strong><\/td><\/tr><tr><td><strong>Anna Roosvall<\/strong><br>Professor, medie-och kommunikationsvetenskap, SU<\/td><td>#metoo, kulturjournalistiken och fr\u00e5gan om identitet vs. status<\/td><\/tr><tr><td><strong>Lisa Lindqvist<\/strong><br>Doktorand, sociologi\/genusvetenskap, KaU<\/td><td>F\u00f6rhandlingar kring k\u00f6n, sexualitet och r\u00e4ttvisa i svenska #MeToo-inl\u00e4gg i sociala medier<\/td><\/tr><tr><td><strong>Chiara Rossito &amp; Ida Larsen-Ledet<\/strong>&nbsp;<br>Assistant Professor, data- och systemvetenskap, SU&nbsp;Postdoc, Computer Science, Aarhus University<\/td><td>#metoo and sense-making from the bottom-up<\/td><\/tr><tr><td><strong>Ann Werner<\/strong>&nbsp;<br>Docent, genusvetenskap, SH<\/td><td>Konstruktioner av genus, musik&nbsp;och arbete i #n\u00e4rmusikentystnar<\/td><\/tr><tr><td><\/td><td>&nbsp;<\/td><\/tr><tr><td><strong>12.30-13.45<\/strong><\/td><td><strong>Tema 2- Organisering<\/strong>&nbsp;<\/td><\/tr><tr><td><strong>Ulrika Andersson<\/strong><br>Professor, juridiska fakulteten, LU<\/td><td>Attrition trajectories regarding sexual harassment reported to the police&nbsp;&nbsp;<\/td><\/tr><tr><td><strong>Ninni Carlsson<\/strong><br>Universitetslektor, inst. f\u00f6r socialt arbete, GU<\/td><td>#metoo 1967 till 2017. Det personliga blir politiskt<\/td><\/tr><tr><td><strong>Lena Karlsson<\/strong><br>Docent, genusvetenskap, LU<\/td><td>The Kairos of Speaking Out: The Vicissitudes of #metoo Testimonies<\/td><\/tr><tr><td><strong>Nina Nyman<\/strong><br>Doktorand, genusvetenskap, \u00c5bo Akademi<\/td><td>Att arkivera aktivism:&nbsp;En fallstudie av uppropet #dammenbrister<\/td><\/tr><tr><td><\/td><td>&nbsp;<\/td><\/tr><tr><td><strong>14.00-15.15<\/strong><\/td><td><strong>Tema 3- Konsekvenser<\/strong>&nbsp;<\/td><\/tr><tr><td><strong>Linnea Wegerstad&nbsp;<\/strong><br>Universitetslektor, juridiska fakulteten, LU<\/td><td>#metoo och f\u00f6rtalsdomarna: en prelimin\u00e4r analys av domstolarnas f\u00f6rsvarlighetsbed\u00f6mning<\/td><\/tr><tr><td><strong>Ulla-Carin Hedin &amp; Linda Lane<\/strong><br>Professor emerita, inst. f\u00f6r socialt arbete, GU. Universitetslektor, inst. f\u00f6r socialt arbete, GU<\/td><td>Arbetsledares ansvar och \u00e5tg\u00e4rder mot sexuella trakasserier p\u00e5 arbetsplatser<\/td><\/tr><tr><td><strong>Gunilla Carstensen<\/strong><br>Universitetslektor, inst. f\u00f6r pedagogik och didaktik, SU<\/td><td>\u201dVad har man l\u00e4rt sig?\u201d En unders\u00f6kning om l\u00e4rande och utveckling i organisationer efter #metoo<\/td><\/tr><tr><td><strong>Stina Powell &amp; Ann Grubbstr\u00f6m<\/strong><br>Forskare, SLU samt Centrum f\u00f6r genusvetenskap, UUForskare, SLU<\/td><td>Efter #slutavverkat: Om ledarskap<\/td><\/tr><tr><td><strong>15.15-15.30<\/strong><\/td><td><strong>Reflektion<\/strong><\/td><\/tr><tr><td><strong>15.30-16.00<\/strong><\/td><td><strong>Avslutande diskussion<\/strong><\/td><\/tr><\/tbody><\/table><\/figure>\n<\/div><\/div>\n\n\n\n<p>N\u00e5gra enkla f\u00f6rh\u00e5llningsregler f\u00f6r workshopen vi ber er f\u00f6lja:<\/p>\n\n\n\n<ul class=\"wp-block-list\">\n<li>Alla har 15 minuter p\u00e5 sig f\u00f6r sin presentation. Av dessa femton minuter ska fem minuter vara avsatta f\u00f6r fr\u00e5gor.<\/li>\n\n\n\n<li>Ha videofunktionen p\u00e5. Det \u00e4r s\u00e5 trist att titta p\u00e5 svarta rutor.<\/li>\n\n\n\n<li>Ha mikrofonen p\u00e5 \u201dmute\u201d n\u00e4r du inte talar.<\/li>\n\n\n\n<li>Om du vill fr\u00e5ga n\u00e5got,  posta fr\u00e5gor i chatten (ocks\u00e5 under p\u00e5g\u00e5ende presentation), s\u00e5 l\u00e4ser moderatorn upp fr\u00e5gorna i den ordning de kommer.<\/li>\n\n\n\n<li>Om du ska visa en PP, h\u00e5ll den beredd s\u00e5 att \u00f6verg\u00e5ngen mellan presentationerna g\u00e5r smidigt.<\/li>\n\n\n\n<li>Och sist med inte minst: f\u00f6rbered en kommentar till n\u00e4stkommande talare i programmet!<\/li>\n<\/ul>\n","protected":false},"excerpt":{"rendered":"<p>Symposium 4 december, kl. 10-16, via Zoom. Talarlista Inneh\u00e5ll 10-10.30 Inledning till dagen 10.30-11.45 Tema 1- Diskurser Anna RoosvallProfessor, medie-och kommunikationsvetenskap, SU #metoo, kulturjournalistiken och fr\u00e5gan om identitet vs. status Lisa LindqvistDoktorand, sociologi\/genusvetenskap, KaU F\u00f6rhandlingar kring k\u00f6n, sexualitet och r\u00e4ttvisa<\/p>\n","protected":false},"author":2,"featured_media":0,"parent":73,"menu_order":2,"comment_status":"closed","ping_status":"closed","template":"","meta":{"footnotes":""},"class_list":["post-181","page","type-page","status-publish","hentry"],"_links":{"self":[{"href":"https:\/\/blogg.sh.se\/metoo\/wp-json\/wp\/v2\/pages\/181","targetHints":{"allow":["GET"]}}],"collection":[{"href":"https:\/\/blogg.sh.se\/metoo\/wp-json\/wp\/v2\/pages"}],"about":[{"href":"https:\/\/blogg.sh.se\/metoo\/wp-json\/wp\/v2\/types\/page"}],"author":[{"embeddable":true,"href":"https:\/\/blogg.sh.se\/metoo\/wp-json\/wp\/v2\/users\/2"}],"replies":[{"embeddable":true,"href":"https:\/\/blogg.sh.se\/metoo\/wp-json\/wp\/v2\/comments?post=181"}],"version-history":[{"count":1,"href":"https:\/\/blogg.sh.se\/metoo\/wp-json\/wp\/v2\/pages\/181\/revisions"}],"predecessor-version":[{"id":273,"href":"https:\/\/blogg.sh.se\/metoo\/wp-json\/wp\/v2\/pages\/181\/revisions\/273"}],"up":[{"embeddable":true,"href":"https:\/\/blogg.sh.se\/metoo\/wp-json\/wp\/v2\/pages\/73"}],"wp:attachment":[{"href":"https:\/\/blogg.sh.se\/metoo\/wp-json\/wp\/v2\/media?parent=181"}],"curies":[{"name":"wp","href":"https:\/\/api.w.org\/{rel}","templated":true}]}}

<p>Symposium 4 december, kl. 10-16, via Zoom.</p>



<div class="wp-block-group"><div class="wp-block-group__inner-container is-layout-flow wp-block-group-is-layout-flow">
<figure class="wp-block-table is-style-stripes"><table><tbody><tr><td><strong>Talarlista</strong></td><td><strong>Innehåll</strong></td></tr><tr><td><strong>10-10.30</strong></td><td><strong>Inledning till dagen</strong></td></tr><tr><td><strong>10.30-11.45</strong></td><td><strong>Tema 1- Diskurser</strong></td></tr><tr><td><strong>Anna Roosvall</strong><br>Professor, medie-och kommunikationsvetenskap, SU</td><td>#metoo, kulturjournalistiken och frågan om identitet vs. status</td></tr><tr><td><strong>Lisa Lindqvist</strong><br>Doktorand, sociologi/genusvetenskap, KaU</td><td>Förhandlingar kring kön, sexualitet och rättvisa i svenska #MeToo-inlägg i sociala medier</td></tr><tr><td><strong>Chiara Rossito &amp; Ida Larsen-Ledet</strong>&nbsp;<br>Assistant Professor, data- och systemvetenskap, SU&nbsp;Postdoc, Computer Science, Aarhus University</td><td>#metoo and sense-making from the bottom-up</td></tr><tr><td><strong>Ann Werner</strong>&nbsp;<br>Docent, genusvetenskap, SH</td><td>Konstruktioner av genus, musik&nbsp;och arbete i #närmusikentystnar</td></tr><tr><td></td><td>&nbsp;</td></tr><tr><td><strong>12.30-13.45</strong></td><td><strong>Tema 2- Organisering</strong>&nbsp;</td></tr><tr><td><strong>Ulrika Andersson</strong><br>Professor, juridiska fakulteten, LU</td><td>Attrition trajectories regarding sexual harassment reported to the police&nbsp;&nbsp;</td></tr><tr><td><strong>Ninni Carlsson</strong><br>Universitetslektor, inst. för socialt arbete, GU</td><td>#metoo 1967 till 2017. Det personliga blir politiskt</td></tr><tr><td><strong>Lena Karlsson</strong><br>Docent, genusvetenskap, LU</td><td>The Kairos of Speaking Out: The Vicissitudes of #metoo Testimonies</td></tr><tr><td><strong>Nina Nyman</strong><br>Doktorand, genusvetenskap, Åbo Akademi</td><td>Att arkivera aktivism:&nbsp;En fallstudie av uppropet #dammenbrister</td></tr><tr><td></td><td>&nbsp;</td></tr><tr><td><strong>14.00-15.15</strong></td><td><strong>Tema 3- Konsekvenser</strong>&nbsp;</td></tr><tr><td><strong>Linnea Wegerstad&nbsp;</strong><br>Universitetslektor, juridiska fakulteten, LU</td><td>#metoo och förtalsdomarna: en preliminär analys av domstolarnas försvarlighetsbedömning</td></tr><tr><td><strong>Ulla-Carin Hedin &amp; Linda Lane</strong><br>Professor emerita, inst. för socialt arbete, GU. Universitetslektor, inst. för socialt arbete, GU</td><td>Arbetsledares ansvar och åtgärder mot sexuella trakasserier på arbetsplatser</td></tr><tr><td><strong>Gunilla Carstensen</strong><br>Universitetslektor, inst. för pedagogik och didaktik, SU</td><td>”Vad har man lärt sig?” En undersökning om lärande och utveckling i organisationer efter #metoo</td></tr><tr><td><strong>Stina Powell &amp; Ann Grubbström</strong><br>Forskare, SLU samt Centrum för genusvetenskap, UUForskare, SLU</td><td>Efter #slutavverkat: Om ledarskap</td></tr><tr><td><strong>15.15-15.30</strong></td><td><strong>Reflektion</strong></td></tr><tr><td><strong>15.30-16.00</strong></td><td><strong>Avslutande diskussion</strong></td></tr></tbody></table></figure>
</div></div>



<p>Några enkla förhållningsregler för workshopen vi ber er följa:</p>



<ul class="wp-block-list">
<li>Alla har 15 minuter på sig för sin presentation. Av dessa femton minuter ska fem minuter vara avsatta för frågor.</li>



<li>Ha videofunktionen på. Det är så trist att titta på svarta rutor.</li>



<li>Ha mikrofonen på ”mute” när du inte talar.</li>



<li>Om du vill fråga något,  posta frågor i chatten (också under pågående presentation), så läser moderatorn upp frågorna i den ordning de kommer.</li>



<li>Om du ska visa en PP, håll den beredd så att övergången mellan presentationerna går smidigt.</li>



<li>Och sist med inte minst: förbered en kommentar till nästkommande talare i programmet!</li>
</ul>

<p>Symposium 4 december, kl. 10-16, via Zoom. Talarlista Innehåll 10-10.30 Inledning till dagen 10.30-11.45 Tema 1- Diskurser Anna RoosvallProfessor, medie-och kommunikationsvetenskap, SU #metoo, kulturjournalistiken och frågan om identitet vs. status Lisa LindqvistDoktorand, sociologi/genusvetenskap, KaU Förhandlingar kring kön, sexualitet och rättvisa</p>
