{"id":15,"date":"2020-10-08T07:31:08","date_gmt":"2020-10-08T07:31:08","guid":{"rendered":"https:\/\/blogg.sh.se\/medietillit\/?page_id=15"},"modified":"2020-10-08T15:29:50","modified_gmt":"2020-10-08T15:29:50","slug":"om","status":"publish","type":"page","link":"https:\/\/blogg.sh.se\/medietillit\/om\/","title":{"rendered":"Om"},"content":{"rendered":"\n<p>Ett projekt om medietillit under corona pandemin vid S\u00f6dert\u00f6rns h\u00f6gskola och Uppsala universitet. <\/p>\n\n\n\n<p>Finansierat av Formas.<\/p>\n","protected":false},"excerpt":{"rendered":"<p>Ett projekt om medietillit under corona pandemin vid S\u00f6dert\u00f6rns h\u00f6gskola och Uppsala universitet. Finansierat av Formas.<\/p>\n","protected":false},"author":1,"featured_media":0,"parent":0,"menu_order":0,"comment_status":"closed","ping_status":"closed","template":"","meta":[],"_links":{"self":[{"href":"https:\/\/blogg.sh.se\/medietillit\/wp-json\/wp\/v2\/pages\/15"}],"collection":[{"href":"https:\/\/blogg.sh.se\/medietillit\/wp-json\/wp\/v2\/pages"}],"about":[{"href":"https:\/\/blogg.sh.se\/medietillit\/wp-json\/wp\/v2\/types\/page"}],"author":[{"embeddable":true,"href":"https:\/\/blogg.sh.se\/medietillit\/wp-json\/wp\/v2\/users\/1"}],"replies":[{"embeddable":true,"href":"https:\/\/blogg.sh.se\/medietillit\/wp-json\/wp\/v2\/comments?post=15"}],"version-history":[{"count":2,"href":"https:\/\/blogg.sh.se\/medietillit\/wp-json\/wp\/v2\/pages\/15\/revisions"}],"predecessor-version":[{"id":50,"href":"https:\/\/blogg.sh.se\/medietillit\/wp-json\/wp\/v2\/pages\/15\/revisions\/50"}],"wp:attachment":[{"href":"https:\/\/blogg.sh.se\/medietillit\/wp-json\/wp\/v2\/media?parent=15"}],"curies":[{"name":"wp","href":"https:\/\/api.w.org\/{rel}","templated":true}]}}

<p>Ett projekt om medietillit under corona pandemin vid Södertörns högskola och Uppsala universitet. </p>



<p>Finansierat av Formas.</p>

<p>Ett projekt om medietillit under corona pandemin vid Södertörns högskola och Uppsala universitet. Finansierat av Formas.</p>
