{"id":14,"date":"2020-10-08T07:31:08","date_gmt":"2020-10-08T07:31:08","guid":{"rendered":"https:\/\/blogg.sh.se\/medietillit\/?page_id=14"},"modified":"2020-11-01T19:39:33","modified_gmt":"2020-11-01T19:39:33","slug":"nya-umoma-valkomnar-allmanheten-2","status":"publish","type":"page","link":"https:\/\/blogg.sh.se\/medietillit\/","title":{"rendered":"Medier, information och tillit"},"content":{"rendered":"\n<div class=\"wp-container-2 wp-block-group\"><div class=\"wp-block-group__inner-container\">\n<div class=\"wp-container-1 wp-block-group\"><div class=\"wp-block-group__inner-container\"><ul class=\"wp-block-latest-posts__list is-grid columns-3 wp-block-latest-posts\"><li><a class=\"wp-block-latest-posts__post-title\" href=\"https:\/\/blogg.sh.se\/medietillit\/uncategorized\/research-note-4-tillit-och-foljsamhet-till-rad-och-rekommendationer\/\">Research note 4<\/a><\/li>\n<li><a class=\"wp-block-latest-posts__post-title\" href=\"https:\/\/blogg.sh.se\/medietillit\/uncategorized\/research-note-3\/\">Research note 3<\/a><\/li>\n<li><a class=\"wp-block-latest-posts__post-title\" href=\"https:\/\/blogg.sh.se\/medietillit\/uncategorized\/medierapportering\/\">Rapportering<\/a><\/li>\n<li><a class=\"wp-block-latest-posts__post-title\" href=\"https:\/\/blogg.sh.se\/medietillit\/uncategorized\/research-note-2\/\">Research note 2<\/a><\/li>\n<li><a class=\"wp-block-latest-posts__post-title\" href=\"https:\/\/blogg.sh.se\/medietillit\/uncategorized\/hello-world\/\">Research note 1<\/a><\/li>\n<\/ul>\n\n\n<p><\/p>\n<\/div><\/div>\n\n\n\n<p><\/p>\n<\/div><\/div>\n\n\n\n<div class=\"wp-container-3 wp-block-group alignwide\"><div class=\"wp-block-group__inner-container\">\n<p><strong>Medier, information och tillit<\/strong><\/p>\n\n\n\n<p>Corona-krisen skapar nya fr\u00e5gest\u00e4llningar kring informationsspridning och kommunikation i samh\u00e4llet. M\u00e5nga m\u00e4nniskor k\u00e4mpar f\u00f6r att h\u00e5lla sig informerade och m\u00e5nga institutioner k\u00e4mpar f\u00f6r att sprida korrekt och trov\u00e4rdig information. Samtidigt har flera myndigheter identifierat medveten desinformation, propaganda och ryktesspridning som problem vilka kan f\u00f6rv\u00e4rra krisen. Att f\u00f6lja myndigheternas rekommendationer, och att anpassa och f\u00f6r\u00e4ndra sitt vardagsliv handlar till stor del om information och m\u00f6jligheten att lyckas med att hantera krisen p\u00e5verkas s\u00e5ledes till stor del av m\u00e4nniskors upplevelse av tillit och f\u00f6rtroende till medier och andra informationskanaler.&nbsp;<\/p>\n\n\n\n<p>I denna situation \u00e4r det av stor vikt att myndigheter och andra akt\u00f6rer i samh\u00e4llet har k\u00e4nnedom om vilka k\u00e4llor som \u00e5tnjuter f\u00f6rtroende och hur medborgarnas tillit och f\u00f6rtroende (eller brist p\u00e5 dessa) till medierna ser ut och tar sig uttryck i deras vardagsliv, samt hur det utvecklas under krisens g\u00e5ng. I det h\u00e4r projektet samlar vi empiriska data f\u00f6r att dokumentera och analysera hur tillit till medier och information ser ut och f\u00f6r\u00e4ndras under Corona-krisen. Projektet samlar in unikt material som kommer att m\u00f6jligg\u00f6ra en rad olika studier och analyser som f\u00f6rb\u00e4ttrar v\u00e5r f\u00f6rst\u00e5else f\u00f6r tillit till medierna under pandemin, och som s\u00e5ledes m\u00f6jligg\u00f6r att samh\u00e4llets akt\u00f6rer kan utveckla och f\u00f6rb\u00e4ttra kommunikationsstrategier i kristid.<\/p>\n\n\n\n<p><strong>Medverkande forskare<\/strong><\/p>\n\n\n\n<p>Peter Jakobsson, Lektor Uppsala universitet<\/p>\n\n\n\n<p>Anne Kaun, Docent S\u00f6dert\u00f6rns h\u00f6gskola<\/p>\n\n\n\n<p>Fredrik Stiernstedt, Docent S\u00f6dert\u00f6rns h\u00f6gskola<\/p>\n\n\n\n<p><strong>Finansieras av Formas<\/strong><\/p>\n\n\n\n<p><br><strong>Media, trust and information during the Corona crisis<\/strong><\/p>\n\n\n\n<p>Many people are very concerned about the current situation and struggle with keeping informed about the fast changing regulations to maintain the pandemic in Sweden. At the same time, public agencies have identified misinformation and disinformation as a major problem during the Corona crisis. Adopting and adapting to major changes in everyday life is closely linked to the ways in which people are informed about necessary changes and to what extent they trust the source of information.&nbsp;<\/p>\n\n\n\n<p>Handling a crisis situation such as the corona pandemic is hence also a major effort in trustworthy communication especially in a media saturated society. In that context it is of utmost importance for public agencies to know which sources people trust and distrust and how media trust evolves in different phases of the crisis. This project will gather empirical material to document the changing trust in the media during the Corona crisis. The project will gather unique material that will allow for diverse studies that will improve our understanding of media trust during a severe crisis situation and, hence, allows us to further develop communication strategies by public agencies. It will also capture the voices of concerned citizens during<br>this unique situation.<\/p>\n\n\n\n<p><strong>Involved researchers<\/strong><\/p>\n\n\n\n<p>Peter Jakobsson, Assistant Professor Uppsala University<\/p>\n\n\n\n<p>Anne Kaun, Associate Professor S\u00f6dert\u00f6rn University<\/p>\n\n\n\n<p>Fredrik Stiernstedt, Associate Professor S\u00f6dert\u00f6rn University<\/p>\n\n\n\n<p><strong>Funded by Formas<\/strong><\/p>\n<\/div><\/div>\n\n\n\n<div class=\"wp-container-8 wp-block-columns alignwide\">\n<div class=\"wp-container-6 wp-block-column\">\n<div class=\"wp-container-4 wp-block-group\"><div class=\"wp-block-group__inner-container\"><\/div><\/div>\n\n\n\n<div class=\"wp-container-5 wp-block-group\"><div class=\"wp-block-group__inner-container\"><\/div><\/div>\n<\/div>\n\n\n\n<div class=\"wp-container-7 wp-block-column\"><\/div>\n<\/div>\n\n\n\n<div class=\"wp-container-9 wp-block-group alignwide\"><div class=\"wp-block-group__inner-container\"><\/div><\/div>\n\n\n\n<p><\/p>\n\n\n\n<div class=\"wp-container-11 wp-block-group alignwide has-background\" style=\"background-color:#ffffff\"><div class=\"wp-block-group__inner-container\">\n<div class=\"wp-container-10 wp-block-group\"><div class=\"wp-block-group__inner-container\">\n<h2 class=\"has-text-align-center\">Kontakt<\/h2>\n\n\n\n<p>Peter Jakobsson peter.jakobsson@im.uu.se<\/p>\n\n\n\n<p>Anne Kaun anne.kaun@sh.se<\/p>\n\n\n\n<p>Fredrik Stiernstedt fredrik.stiernstedt@sh.se<\/p>\n\n\n\n<p><\/p>\n<\/div><\/div>\n<\/div><\/div>\n","protected":false},"excerpt":{"rendered":"<p>Medier, information och tillit Corona-krisen skapar nya fr\u00e5gest\u00e4llningar kring informationsspridning och kommunikation i samh\u00e4llet. M\u00e5nga m\u00e4nniskor k\u00e4mpar f\u00f6r att h\u00e5lla sig informerade och m\u00e5nga institutioner k\u00e4mpar f\u00f6r att sprida korrekt och trov\u00e4rdig information. Samtidigt har flera myndigheter identifierat medveten desinformation, propaganda och ryktesspridning som problem vilka kan f\u00f6rv\u00e4rra krisen. Att f\u00f6lja myndigheternas rekommendationer, och att [&hellip;]<\/p>\n","protected":false},"author":1,"featured_media":56,"parent":0,"menu_order":0,"comment_status":"closed","ping_status":"closed","template":"","meta":[],"_links":{"self":[{"href":"https:\/\/blogg.sh.se\/medietillit\/wp-json\/wp\/v2\/pages\/14"}],"collection":[{"href":"https:\/\/blogg.sh.se\/medietillit\/wp-json\/wp\/v2\/pages"}],"about":[{"href":"https:\/\/blogg.sh.se\/medietillit\/wp-json\/wp\/v2\/types\/page"}],"author":[{"embeddable":true,"href":"https:\/\/blogg.sh.se\/medietillit\/wp-json\/wp\/v2\/users\/1"}],"replies":[{"embeddable":true,"href":"https:\/\/blogg.sh.se\/medietillit\/wp-json\/wp\/v2\/comments?post=14"}],"version-history":[{"count":9,"href":"https:\/\/blogg.sh.se\/medietillit\/wp-json\/wp\/v2\/pages\/14\/revisions"}],"predecessor-version":[{"id":68,"href":"https:\/\/blogg.sh.se\/medietillit\/wp-json\/wp\/v2\/pages\/14\/revisions\/68"}],"wp:featuredmedia":[{"embeddable":true,"href":"https:\/\/blogg.sh.se\/medietillit\/wp-json\/wp\/v2\/media\/56"}],"wp:attachment":[{"href":"https:\/\/blogg.sh.se\/medietillit\/wp-json\/wp\/v2\/media?parent=14"}],"curies":[{"name":"wp","href":"https:\/\/api.w.org\/{rel}","templated":true}]}}

<div class="wp-container-2 wp-block-group"><div class="wp-block-group__inner-container">
<div class="wp-container-1 wp-block-group"><div class="wp-block-group__inner-container"><ul class="wp-block-latest-posts__list is-grid columns-3 wp-block-latest-posts"><li><a class="wp-block-latest-posts__post-title" href="https://blogg.sh.se/medietillit/uncategorized/research-note-4-tillit-och-foljsamhet-till-rad-och-rekommendationer/">Research note 4</a></li>
<li><a class="wp-block-latest-posts__post-title" href="https://blogg.sh.se/medietillit/uncategorized/research-note-3/">Research note 3</a></li>
<li><a class="wp-block-latest-posts__post-title" href="https://blogg.sh.se/medietillit/uncategorized/medierapportering/">Rapportering</a></li>
<li><a class="wp-block-latest-posts__post-title" href="https://blogg.sh.se/medietillit/uncategorized/research-note-2/">Research note 2</a></li>
<li><a class="wp-block-latest-posts__post-title" href="https://blogg.sh.se/medietillit/uncategorized/hello-world/">Research note 1</a></li>
</ul>


<p></p>
</div></div>



<p></p>
</div></div>



<div class="wp-container-3 wp-block-group alignwide"><div class="wp-block-group__inner-container">
<p><strong>Medier, information och tillit</strong></p>



<p>Corona-krisen skapar nya frågeställningar kring informationsspridning och kommunikation i samhället. Många människor kämpar för att hålla sig informerade och många institutioner kämpar för att sprida korrekt och trovärdig information. Samtidigt har flera myndigheter identifierat medveten desinformation, propaganda och ryktesspridning som problem vilka kan förvärra krisen. Att följa myndigheternas rekommendationer, och att anpassa och förändra sitt vardagsliv handlar till stor del om information och möjligheten att lyckas med att hantera krisen påverkas således till stor del av människors upplevelse av tillit och förtroende till medier och andra informationskanaler.&nbsp;</p>



<p>I denna situation är det av stor vikt att myndigheter och andra aktörer i samhället har kännedom om vilka källor som åtnjuter förtroende och hur medborgarnas tillit och förtroende (eller brist på dessa) till medierna ser ut och tar sig uttryck i deras vardagsliv, samt hur det utvecklas under krisens gång. I det här projektet samlar vi empiriska data för att dokumentera och analysera hur tillit till medier och information ser ut och förändras under Corona-krisen. Projektet samlar in unikt material som kommer att möjliggöra en rad olika studier och analyser som förbättrar vår förståelse för tillit till medierna under pandemin, och som således möjliggör att samhällets aktörer kan utveckla och förbättra kommunikationsstrategier i kristid.</p>



<p><strong>Medverkande forskare</strong></p>



<p>Peter Jakobsson, Lektor Uppsala universitet</p>



<p>Anne Kaun, Docent Södertörns högskola</p>



<p>Fredrik Stiernstedt, Docent Södertörns högskola</p>



<p><strong>Finansieras av Formas</strong></p>



<p><br><strong>Media, trust and information during the Corona crisis</strong></p>



<p>Many people are very concerned about the current situation and struggle with keeping informed about the fast changing regulations to maintain the pandemic in Sweden. At the same time, public agencies have identified misinformation and disinformation as a major problem during the Corona crisis. Adopting and adapting to major changes in everyday life is closely linked to the ways in which people are informed about necessary changes and to what extent they trust the source of information.&nbsp;</p>



<p>Handling a crisis situation such as the corona pandemic is hence also a major effort in trustworthy communication especially in a media saturated society. In that context it is of utmost importance for public agencies to know which sources people trust and distrust and how media trust evolves in different phases of the crisis. This project will gather empirical material to document the changing trust in the media during the Corona crisis. The project will gather unique material that will allow for diverse studies that will improve our understanding of media trust during a severe crisis situation and, hence, allows us to further develop communication strategies by public agencies. It will also capture the voices of concerned citizens during<br>this unique situation.</p>



<p><strong>Involved researchers</strong></p>



<p>Peter Jakobsson, Assistant Professor Uppsala University</p>



<p>Anne Kaun, Associate Professor Södertörn University</p>



<p>Fredrik Stiernstedt, Associate Professor Södertörn University</p>



<p><strong>Funded by Formas</strong></p>
</div></div>



<div class="wp-container-8 wp-block-columns alignwide">
<div class="wp-container-6 wp-block-column">
<div class="wp-container-4 wp-block-group"><div class="wp-block-group__inner-container"></div></div>



<div class="wp-container-5 wp-block-group"><div class="wp-block-group__inner-container"></div></div>
</div>



<div class="wp-container-7 wp-block-column"></div>
</div>



<div class="wp-container-9 wp-block-group alignwide"><div class="wp-block-group__inner-container"></div></div>



<p></p>



<div class="wp-container-11 wp-block-group alignwide has-background" style="background-color:#ffffff"><div class="wp-block-group__inner-container">
<div class="wp-container-10 wp-block-group"><div class="wp-block-group__inner-container">
<h2 class="has-text-align-center">Kontakt</h2>



<p>Peter Jakobsson peter.jakobsson@im.uu.se</p>



<p>Anne Kaun anne.kaun@sh.se</p>



<p>Fredrik Stiernstedt fredrik.stiernstedt@sh.se</p>



<p></p>
</div></div>
</div></div>

<p>Medier, information och tillit Corona-krisen skapar nya frågeställningar kring informationsspridning och kommunikation i samhället. Många människor kämpar för att hålla sig informerade och många institutioner kämpar för att sprida korrekt och trovärdig information. Samtidigt har flera myndigheter identifierat medveten desinformation, propaganda och ryktesspridning som problem vilka kan förvärra krisen. Att följa myndigheternas rekommendationer, och att [&hellip;]</p>
