{"id":17,"date":"2022-12-01T11:09:01","date_gmt":"2022-12-01T11:09:01","guid":{"rendered":"https:\/\/blogg.sh.se\/hbtqochdemens\/?page_id=17"},"modified":"2026-04-20T14:03:33","modified_gmt":"2026-04-20T14:03:33","slug":"nya-umoma-valkomnar-allmanheten-2","status":"publish","type":"page","link":"https:\/\/blogg.sh.se\/hbtqochdemens\/","title":{"rendered":"HBTQ och demens                   i policy och praktik inom svensk demensomsorg"},"content":{"rendered":"\n<p>&#8221;HBTQ i policy och praktik inom svensk demensomsorg&#8221; \u00e4r ett FORTE-finansierat forskningsprojekt som genomf\u00f6rdes 2022-2025 av forskarna Linn Sandberg och Anna Siverskog, verksamma vid S\u00f6dert\u00f6rns H\u00f6gskola. P\u00e5 den h\u00e4r hemsidan hittar du mer information om projektet, publikationer fr\u00e5n projektet samt resurser om hbtq-personer och demens.<\/p>\n\n\n\n<p>L\u00e4s <em>Minnen av regnb\u00e5gen<\/em> som presenterar studiens resultat <a href=\"https:\/\/www.diva-portal.org\/smash\/get\/diva2:2050209\/FULLTEXT01.pdf\">h\u00e4r.<\/a><\/p>\n\n\n\n<figure class=\"wp-block-image size-large\"><img loading=\"lazy\" decoding=\"async\" width=\"690\" height=\"1024\" src=\"https:\/\/blogg.sh.se\/hbtqochdemens\/wp-content\/uploads\/2026\/04\/Minnen-av-regnbagen_framsida-690x1024.jpg\" alt=\"\" class=\"wp-image-160\" srcset=\"https:\/\/blogg.sh.se\/hbtqochdemens\/wp-content\/uploads\/2026\/04\/Minnen-av-regnbagen_framsida-690x1024.jpg 690w, https:\/\/blogg.sh.se\/hbtqochdemens\/wp-content\/uploads\/2026\/04\/Minnen-av-regnbagen_framsida-202x300.jpg 202w, https:\/\/blogg.sh.se\/hbtqochdemens\/wp-content\/uploads\/2026\/04\/Minnen-av-regnbagen_framsida-768x1140.jpg 768w, https:\/\/blogg.sh.se\/hbtqochdemens\/wp-content\/uploads\/2026\/04\/Minnen-av-regnbagen_framsida-1035x1536.jpg 1035w, https:\/\/blogg.sh.se\/hbtqochdemens\/wp-content\/uploads\/2026\/04\/Minnen-av-regnbagen_framsida-1200x1781.jpg 1200w, https:\/\/blogg.sh.se\/hbtqochdemens\/wp-content\/uploads\/2026\/04\/Minnen-av-regnbagen_framsida.jpg 1205w\" sizes=\"auto, (max-width: 690px) 100vw, 690px\" \/><\/figure>\n\n\n\n<figure class=\"wp-block-gallery alignwide has-nested-images columns-default is-cropped wp-block-gallery-1 is-layout-flex wp-block-gallery-is-layout-flex\">\n<figure class=\"wp-block-image size-large\"><a href=\"https:\/\/blogg.sh.se\/hbtqochdemens\/om\/\"><img decoding=\"async\" data-id=\"39\" src=\"https:\/\/blogg.sh.se\/hbtqochdemens\/wp-content\/themes\/twentytwenty\/assets\/images\/2020-square-2.png\" alt=\"\" class=\"wp-image-39\"\/><\/a><figcaption class=\"wp-element-caption\">Om projektet<\/figcaption><\/figure>\n\n\n\n<figure class=\"wp-block-image size-large\"><a href=\"https:\/\/blogg.sh.se\/hbtqochdemens\/publikationer\/\"><img decoding=\"async\" data-id=\"39\" src=\"https:\/\/blogg.sh.se\/hbtqochdemens\/wp-content\/themes\/twentytwenty\/assets\/images\/2020-square-2.png\" alt=\"\" class=\"wp-image-39\"\/><\/a><figcaption class=\"wp-element-caption\">Publikationer<\/figcaption><\/figure>\n\n\n\n<figure class=\"wp-block-image size-large\"><a href=\"https:\/\/blogg.sh.se\/hbtqochdemens\/om\/\"><img decoding=\"async\" data-id=\"39\" src=\"https:\/\/blogg.sh.se\/hbtqochdemens\/wp-content\/themes\/twentytwenty\/assets\/images\/2020-square-2.png\" alt=\"\" class=\"wp-image-39\"\/><\/a><figcaption class=\"wp-element-caption\"><a href=\"https:\/\/blogg.sh.se\/hbtqochdemens\/resurser\/\" data-type=\"page\" data-id=\"146\">Resurser<\/a><\/figcaption><\/figure>\n<\/figure>\n","protected":false},"excerpt":{"rendered":"<p>&#8221;HBTQ i policy och praktik inom svensk demensomsorg&#8221; \u00e4r ett FORTE-finansierat forskningsprojekt som genomf\u00f6rdes 2022-2025 av forskarna Linn Sandberg och Anna Siverskog, verksamma vid S\u00f6dert\u00f6rns H\u00f6gskola. P\u00e5 den h\u00e4r hemsidan hittar du mer information om projektet, publikationer fr\u00e5n projektet samt resurser om hbtq-personer och demens. L\u00e4s Minnen av regnb\u00e5gen som presenterar studiens resultat h\u00e4r.<\/p>\n","protected":false},"author":2,"featured_media":0,"parent":0,"menu_order":0,"comment_status":"closed","ping_status":"closed","template":"","meta":{"footnotes":""},"class_list":["post-17","page","type-page","status-publish","hentry"],"_links":{"self":[{"href":"https:\/\/blogg.sh.se\/hbtqochdemens\/wp-json\/wp\/v2\/pages\/17","targetHints":{"allow":["GET"]}}],"collection":[{"href":"https:\/\/blogg.sh.se\/hbtqochdemens\/wp-json\/wp\/v2\/pages"}],"about":[{"href":"https:\/\/blogg.sh.se\/hbtqochdemens\/wp-json\/wp\/v2\/types\/page"}],"author":[{"embeddable":true,"href":"https:\/\/blogg.sh.se\/hbtqochdemens\/wp-json\/wp\/v2\/users\/2"}],"replies":[{"embeddable":true,"href":"https:\/\/blogg.sh.se\/hbtqochdemens\/wp-json\/wp\/v2\/comments?post=17"}],"version-history":[{"count":19,"href":"https:\/\/blogg.sh.se\/hbtqochdemens\/wp-json\/wp\/v2\/pages\/17\/revisions"}],"predecessor-version":[{"id":174,"href":"https:\/\/blogg.sh.se\/hbtqochdemens\/wp-json\/wp\/v2\/pages\/17\/revisions\/174"}],"wp:attachment":[{"href":"https:\/\/blogg.sh.se\/hbtqochdemens\/wp-json\/wp\/v2\/media?parent=17"}],"curies":[{"name":"wp","href":"https:\/\/api.w.org\/{rel}","templated":true}]}}

<p>&#8221;HBTQ i policy och praktik inom svensk demensomsorg&#8221; är ett FORTE-finansierat forskningsprojekt som genomfördes 2022-2025 av forskarna Linn Sandberg och Anna Siverskog, verksamma vid Södertörns Högskola. På den här hemsidan hittar du mer information om projektet, publikationer från projektet samt resurser om hbtq-personer och demens.</p>



<p>Läs <em>Minnen av regnbågen</em> som presenterar studiens resultat <a href="https://www.diva-portal.org/smash/get/diva2:2050209/FULLTEXT01.pdf">här.</a></p>



<figure class="wp-block-image size-large"><img loading="lazy" decoding="async" width="690" height="1024" src="https://blogg.sh.se/hbtqochdemens/wp-content/uploads/2026/04/Minnen-av-regnbagen_framsida-690x1024.jpg" alt="" class="wp-image-160" srcset="https://blogg.sh.se/hbtqochdemens/wp-content/uploads/2026/04/Minnen-av-regnbagen_framsida-690x1024.jpg 690w, https://blogg.sh.se/hbtqochdemens/wp-content/uploads/2026/04/Minnen-av-regnbagen_framsida-202x300.jpg 202w, https://blogg.sh.se/hbtqochdemens/wp-content/uploads/2026/04/Minnen-av-regnbagen_framsida-768x1140.jpg 768w, https://blogg.sh.se/hbtqochdemens/wp-content/uploads/2026/04/Minnen-av-regnbagen_framsida-1035x1536.jpg 1035w, https://blogg.sh.se/hbtqochdemens/wp-content/uploads/2026/04/Minnen-av-regnbagen_framsida-1200x1781.jpg 1200w, https://blogg.sh.se/hbtqochdemens/wp-content/uploads/2026/04/Minnen-av-regnbagen_framsida.jpg 1205w" sizes="auto, (max-width: 690px) 100vw, 690px" /></figure>



<figure class="wp-block-gallery alignwide has-nested-images columns-default is-cropped wp-block-gallery-1 is-layout-flex wp-block-gallery-is-layout-flex">
<figure class="wp-block-image size-large"><a href="https://blogg.sh.se/hbtqochdemens/om/"><img decoding="async" data-id="39" src="https://blogg.sh.se/hbtqochdemens/wp-content/themes/twentytwenty/assets/images/2020-square-2.png" alt="" class="wp-image-39"/></a><figcaption class="wp-element-caption">Om projektet</figcaption></figure>



<figure class="wp-block-image size-large"><a href="https://blogg.sh.se/hbtqochdemens/publikationer/"><img decoding="async" data-id="39" src="https://blogg.sh.se/hbtqochdemens/wp-content/themes/twentytwenty/assets/images/2020-square-2.png" alt="" class="wp-image-39"/></a><figcaption class="wp-element-caption">Publikationer</figcaption></figure>



<figure class="wp-block-image size-large"><a href="https://blogg.sh.se/hbtqochdemens/om/"><img decoding="async" data-id="39" src="https://blogg.sh.se/hbtqochdemens/wp-content/themes/twentytwenty/assets/images/2020-square-2.png" alt="" class="wp-image-39"/></a><figcaption class="wp-element-caption"><a href="https://blogg.sh.se/hbtqochdemens/resurser/" data-type="page" data-id="146">Resurser</a></figcaption></figure>
</figure>

<p>&#8221;HBTQ i policy och praktik inom svensk demensomsorg&#8221; är ett FORTE-finansierat forskningsprojekt som genomfördes 2022-2025 av forskarna Linn Sandberg och Anna Siverskog, verksamma vid Södertörns Högskola. På den här hemsidan hittar du mer information om projektet, publikationer från projektet samt resurser om hbtq-personer och demens. Läs Minnen av regnbågen som presenterar studiens resultat här.</p>
