{"id":67,"date":"2017-05-02T12:02:56","date_gmt":"2017-05-02T12:02:56","guid":{"rendered":"http:\/\/blogg.sh.se\/detcivilasamhallet\/?page_id=67"},"modified":"2017-05-02T14:38:50","modified_gmt":"2017-05-02T14:38:50","slug":"civilsamhallet-som-botemedel-mot-den-liberala-demokratins-kris-och-utmaningen-fran-politisk-jamlikhet","status":"publish","type":"page","link":"https:\/\/blogg.sh.se\/detcivilasamhallet\/delprojekten\/civilsamhallet-som-botemedel-mot-den-liberala-demokratins-kris-och-utmaningen-fran-politisk-jamlikhet\/","title":{"rendered":"Civilsamh\u00e4llet som botemedel mot den liberala demokratins kris och utmaningen fr\u00e5n politisk j\u00e4mlikhet"},"content":{"rendered":"<p><strong>Civil Society and Deliberation as Remedy for the Crisis of Liberal Democracy and the Challenge from Political Equality<\/strong><\/p>\n<p>Eva Erman, Stockholms universitet, projektledare.<\/p>\n<p>&nbsp;<\/p>\n<p><strong>Projektbeskrivning<\/strong><\/p>\n<p>Scroll down for project description in English<\/p>\n<p>I b\u00e5de den politiska och akademiska debatten antas ofta att \u00f6kat deltagande fr\u00e5n civilsamh\u00e4llet i deliberativa praktiker st\u00e4rker demokratiska institutioner. Vi menar att antagandet vilar p\u00e5 en vag och outvecklad id\u00e9 om politisk j\u00e4mlikhet. Det h\u00e4r projektet \u00e4mnar studera fr\u00e5gan om hur civilsamh\u00e4llet kan och b\u00f6r inkluderas i deliberativa praktiker s\u00e5 att kravet p\u00e5 politisk j\u00e4mlikhet tillgodoses. \u00a0Fr\u00e5gan kommer att besvaras genom fem delstudier. Tv\u00e5 av studierna \u00e4r teoretiska till sin natur och unders\u00f6ker de begreppsliga villkoren och normativa kriterierna f\u00f6r politisk j\u00e4mlikhet i civilsamh\u00e4llets engagemang i deliberativa praktiker. De tre ytterligare studierna \u00e4r till \u00f6verv\u00e4gande del empiriska och utf\u00f6rs inom den teoretiska ramen. Vi kommer bland annat att unders\u00f6ka medborgares vilja och kapacitet att delta i deliberativa dialoger samt i vilket utstr\u00e4ckning den \u00f6kade anv\u00e4ndningen av n\u00e4tverksstyrning i policy-making uppfyller basala krav p\u00e5 politisk j\u00e4mlikhet.<\/p>\n<p><strong>Project description<\/strong><br \/>\nIn the political and academic debates alike it is often assumed that increased engagement from civil society in deliberative practices strengthens democratic institutions. We believe that this assumption rests on a vague and underdeveloped notion of political equality. This project sets out to explore the question of how civil society may be included in deliberative dialogues and practices in ways that satisfy a requirement of political equality. It will be responded to through five studies. Two of the studies are theoretical in nature, exploring the conceptual conditions and normative criteria of political equality in civic and deliberative engagement. Three studies are mainly empirical and draw on the worked out theoretical framework. We will investigate, among other things, citizens\u2019 will and capacity for engaging in deliberative dialogues, as well as to what extent the increased use of network governance in public policy-making fulfils basic requirements of political equality.<\/p>\n","protected":false},"excerpt":{"rendered":"<p>Civil Society and Deliberation as Remedy for the Crisis of Liberal Democracy and the Challenge from Political Equality Eva Erman, Stockholms universitet, projektledare. &nbsp; Projektbeskrivning Scroll down for project description in English I b\u00e5de den politiska och akademiska debatten antas ofta att \u00f6kat deltagande fr\u00e5n civilsamh\u00e4llet i deliberativa praktiker st\u00e4rker demokratiska institutioner. Vi menar att [&hellip;]<\/p>\n","protected":false},"author":2,"featured_media":0,"parent":39,"menu_order":0,"comment_status":"closed","ping_status":"closed","template":"","meta":[],"_links":{"self":[{"href":"https:\/\/blogg.sh.se\/detcivilasamhallet\/wp-json\/wp\/v2\/pages\/67"}],"collection":[{"href":"https:\/\/blogg.sh.se\/detcivilasamhallet\/wp-json\/wp\/v2\/pages"}],"about":[{"href":"https:\/\/blogg.sh.se\/detcivilasamhallet\/wp-json\/wp\/v2\/types\/page"}],"author":[{"embeddable":true,"href":"https:\/\/blogg.sh.se\/detcivilasamhallet\/wp-json\/wp\/v2\/users\/2"}],"replies":[{"embeddable":true,"href":"https:\/\/blogg.sh.se\/detcivilasamhallet\/wp-json\/wp\/v2\/comments?post=67"}],"version-history":[{"count":8,"href":"https:\/\/blogg.sh.se\/detcivilasamhallet\/wp-json\/wp\/v2\/pages\/67\/revisions"}],"predecessor-version":[{"id":169,"href":"https:\/\/blogg.sh.se\/detcivilasamhallet\/wp-json\/wp\/v2\/pages\/67\/revisions\/169"}],"up":[{"embeddable":true,"href":"https:\/\/blogg.sh.se\/detcivilasamhallet\/wp-json\/wp\/v2\/pages\/39"}],"wp:attachment":[{"href":"https:\/\/blogg.sh.se\/detcivilasamhallet\/wp-json\/wp\/v2\/media?parent=67"}],"curies":[{"name":"wp","href":"https:\/\/api.w.org\/{rel}","templated":true}]}}

Civilsamhället som botemedel mot den liberala demokratins kris och utmaningen från politisk jämlikhet

<p><strong>Civil Society and Deliberation as Remedy for the Crisis of Liberal Democracy and the Challenge from Political Equality</strong></p>
<p>Eva Erman, Stockholms universitet, projektledare.</p>
<p>&nbsp;</p>
<p><strong>Projektbeskrivning</strong></p>
<p>Scroll down for project description in English</p>
<p>I både den politiska och akademiska debatten antas ofta att ökat deltagande från civilsamhället i deliberativa praktiker stärker demokratiska institutioner. Vi menar att antagandet vilar på en vag och outvecklad idé om politisk jämlikhet. Det här projektet ämnar studera frågan om hur civilsamhället kan och bör inkluderas i deliberativa praktiker så att kravet på politisk jämlikhet tillgodoses.  Frågan kommer att besvaras genom fem delstudier. Två av studierna är teoretiska till sin natur och undersöker de begreppsliga villkoren och normativa kriterierna för politisk jämlikhet i civilsamhällets engagemang i deliberativa praktiker. De tre ytterligare studierna är till övervägande del empiriska och utförs inom den teoretiska ramen. Vi kommer bland annat att undersöka medborgares vilja och kapacitet att delta i deliberativa dialoger samt i vilket utsträckning den ökade användningen av nätverksstyrning i policy-making uppfyller basala krav på politisk jämlikhet.</p>
<p><strong>Project description</strong><br />
In the political and academic debates alike it is often assumed that increased engagement from civil society in deliberative practices strengthens democratic institutions. We believe that this assumption rests on a vague and underdeveloped notion of political equality. This project sets out to explore the question of how civil society may be included in deliberative dialogues and practices in ways that satisfy a requirement of political equality. It will be responded to through five studies. Two of the studies are theoretical in nature, exploring the conceptual conditions and normative criteria of political equality in civic and deliberative engagement. Three studies are mainly empirical and draw on the worked out theoretical framework. We will investigate, among other things, citizens’ will and capacity for engaging in deliberative dialogues, as well as to what extent the increased use of network governance in public policy-making fulfils basic requirements of political equality.</p>

<p>Civil Society and Deliberation as Remedy for the Crisis of Liberal Democracy and the Challenge from Political Equality Eva Erman, Stockholms universitet, projektledare. &nbsp; Projektbeskrivning Scroll down for project description in English I både den politiska och akademiska debatten antas ofta att ökat deltagande från civilsamhället i deliberativa praktiker stärker demokratiska institutioner. Vi menar att [&hellip;]</p>
