{"id":39,"date":"2017-05-02T11:17:14","date_gmt":"2017-05-02T11:17:14","guid":{"rendered":"http:\/\/blogg.sh.se\/detcivilasamhallet\/?page_id=39"},"modified":"2019-09-03T11:28:51","modified_gmt":"2019-09-03T11:28:51","slug":"delprojekten","status":"publish","type":"page","link":"https:\/\/blogg.sh.se\/detcivilasamhallet\/delprojekten\/","title":{"rendered":"Delprojekten"},"content":{"rendered":"<p>\u00bb <a href=\"http:\/\/blogg.sh.se\/detcivilasamhallet\/frihetens-kostnad-de-materiella-forutsattningarna-for-det-civila-samhallets-framvaxt-i-sverige-under-1800-talet\/\">Frihetens kostnad? De materiella f\u00f6ruts\u00e4ttningarna f\u00f6r det civila samh\u00e4llets framv\u00e4xt i Sverige under 1800-talet. <\/a>Projektledare: Anne Berg<\/p>\n<p>\u00bb <a href=\"http:\/\/blogg.sh.se\/detcivilasamhallet\/delprojekten\/48-2\/\">Betydelsen av det civila samh\u00e4llets organisationer f\u00f6r ungdomars skolprestationer i storstad- respektive sm\u00e5ortsomr\u00e5den i Sverige<\/a>. Projektledare: Alireza Behtoui<\/p>\n<p>\u00bb <a href=\"http:\/\/blogg.sh.se\/detcivilasamhallet\/delprojekten\/elitens-fange-separationen-av-kyrka-och-stat-i-sverige\/\">Elitens f\u00e5nge? Separationen av Kyrka och Stat i Sverige.<\/a> Projektledare: Niklas Bengtsson<\/p>\n<p>\u00bb <a href=\"http:\/\/blogg.sh.se\/detcivilasamhallet\/delprojekten\/civilsamhallet-som-botemedel-mot-den-liberala-demokratins-kris-och-utmaningen-fran-politisk-jamlikhet\/\">Civilsamh\u00e4llet som botemedel mot den liberala demokratins kris och utmaningen fr\u00e5n politisk j\u00e4mlikhet<\/a>. Projektledare: Eva Erman<\/p>\n<p>\u00bb <a href=\"http:\/\/blogg.sh.se\/detcivilasamhallet\/delprojekten\/globala-policymaklare-transnationella-tankesmedjors-roll-i-formandet-av-politiska-arenor\/\">Globala policym\u00e4klare: Transnationella tankesmedjors roll i formandet av politiska arenor<\/a>. Projektledare: Christina Garsten<\/p>\n<p>\u00bb <a href=\"http:\/\/blogg.sh.se\/detcivilasamhallet\/delprojekten\/institutionella-begransningar-och-kreativa-losningar-civilsamhallet-i-polen-i-jamforande-perspektiv\/\">Institutionella begr\u00e4nsningar och kreativa l\u00f6sningar: Civilsamh\u00e4llet i Polen i j\u00e4mf\u00f6rande perspektiv<\/a>. Projektledare: Kerstin Jacobsson<\/p>\n<p>\u00bb <a href=\"http:\/\/blogg.sh.se\/detcivilasamhallet\/delprojekten\/mellan-rost-och-service-ideella-organisationers-roll-i-ett-foranderligt-valfardssamhalle\/\">Mellan r\u00f6st och service: ideella organisationers roll i ett f\u00f6r\u00e4nderligt v\u00e4lf\u00e4rdssamh\u00e4lle<\/a>. Projektledare: Staffan Johansson<\/p>\n<p>\u00bb <a href=\"http:\/\/blogg.sh.se\/detcivilasamhallet\/delprojekten\/den-kinesiska-staten-utmanad-formeringen-av-nya-medborgarnormer-i-ett-framvaxande-civilsamhalle\/\">Den kinesiska staten utmanad: Formeringen av nya medborgarnormer i ett framv\u00e4xande civilsamh\u00e4lle<\/a>. Projektledare: Johan Lagerkvist<\/p>\n<p>\u00bb <a href=\"http:\/\/blogg.sh.se\/detcivilasamhallet\/delprojekten\/en-paradoxal-konflikt-pa-gransen-mellan-kambodja-och-thailand-civilsamhallets-motstand-i-kampen-om-preah-vihear\/\">En paradoxal konflikt p\u00e5 gr\u00e4nsen mellan Kambodja och Thailand: Civilsamh\u00e4llets motst\u00e5nd i kampen om\u00a0Preah\u00a0Vihear<\/a>. Projektledare: Mona Lilja<\/p>\n<p>\u00bb <a href=\"http:\/\/blogg.sh.se\/detcivilasamhallet\/delprojekten\/granslandet-mellan-civilsamhalle-och-privatliv\/\">Gr\u00e4nslandet mellan civilsamh\u00e4lle och privatliv<\/a>. Projektledare: Elisabet Lindberg<\/p>\n<p>\u00bb <a href=\"http:\/\/blogg.sh.se\/detcivilasamhallet\/delprojekten\/vad-bor-fackforeningar-gora\/\">Vad b\u00f6r fackf\u00f6reningar g\u00f6ra?<\/a> Projektledare: Lars Lindblom<\/p>\n<p>\u00bb <a href=\"http:\/\/blogg.sh.se\/detcivilasamhallet\/delprojekten\/sloja-regnbagsflagga-och-manga-om-genus-sexualitet-motstand-och-gemenskap-i-en-transnationell-tid\/\">Sl\u00f6ja, regnb\u00e5gsflagg och manga. Om genus, sexualitet, motst\u00e5nd och gemenskap i en transnationell tid<\/a>. Projektledare: Lena Martinsson<\/p>\n<p>\u00bb <a href=\"http:\/\/blogg.sh.se\/detcivilasamhallet\/delprojekten\/bortom-valfardsstaten-europeiseringen-av-det-svenska-civilsamhallets-organisationer\/\">Bortom v\u00e4lf\u00e4rdsstaten: europeiseringen av det svenska civilsamh\u00e4llets organisationer<\/a>. Projektledare: Anna Meeuwisse<\/p>\n<p>\u00bb <a href=\"http:\/\/blogg.sh.se\/detcivilasamhallet\/delprojekten\/drommar-om-forandring-kvinnor-och-skapandet-av-det-civila-samhallet-i-artiska-regionen-asien-latin-amerika-och-europa\/\">Dr\u00f6mmar om f\u00f6r\u00e4ndring. Kvinnor och skapandet av det civila samh\u00e4llet i Artiska regionen, Asien, Latin Amerika och Europa<\/a>. Projektledare: Diana Mulinari<\/p>\n<p>\u00bb <a href=\"http:\/\/blogg.sh.se\/detcivilasamhallet\/delprojekten\/vilka-ar-lobbyisterna-en-jamforande-populationsstudie-av-organiserade-intressen-i-det-civila-samhallet-i-sverige\/\">Vilka \u00e4r lobbyisterna? En j\u00e4mf\u00f6rande populationsstudie av organiserade intressen i det civila samh\u00e4llet i Sverige<\/a>. Projektledare: Daniel Naurin<\/p>\n<p>\u00bb <a href=\"http:\/\/blogg.sh.se\/detcivilasamhallet\/delprojekten\/barns-och-ungdomars-sociala-valbefinnande-institutioner-kulturer-och-samhalle\/\">Barns och ungdomars sociala v\u00e4lbefinnande: Institutioner, kulturer och samh\u00e4lle. Projektledare<\/a>. Helena Olofsdotter Stens\u00f6ta<\/p>\n<p>\u00bb <a href=\"http:\/\/blogg.sh.se\/detcivilasamhallet\/delprojekten\/de-sociala-mekanismerna-bakom-det-medlemslosa-civilsamhallets-organisationer-i-polen-ryssland-och-sverige\/\">De sociala mekanismerna bakom det medlemsl\u00f6sa civilsamh\u00e4llets organisationer i Polen, Ryssland och Sverige<\/a>. Projektledare: Apostolis Papakostas<\/p>\n<p>\u00bb<a href=\"http:\/\/blogg.sh.se\/detcivilasamhallet\/delprojekten\/moments-of-danger-moments-of-opportunity-the-role-of-individuals-as-change-agents-in-organisations\/\"> Moments of danger, moments of opportunity: the role of individuals as change agents in\u00a0organisations.\u00a0A qualitative and quantitative study of trade union officials in national and international unions<\/a>. Projektledare: Nora R\u00e4thzel<\/p>\n<p>\u00bb <a href=\"http:\/\/blogg.sh.se\/detcivilasamhallet\/delprojekten\/det-semi-civila-samhallet-i-vietnam-en-mojlig-vag-till-demokratisering\/\">Det\u00a0semi-civila\u00a0samh\u00e4llet i Vietnam: en m\u00f6jlig v\u00e4g till demokratisering?<\/a> Projektledare: Steven Saxonberg<\/p>\n<p>\u00bb <a href=\"http:\/\/blogg.sh.se\/detcivilasamhallet\/delprojekten\/digitala-media-och-civilsamhalleliga-natverk-nationella-och-transnationella-offentligheter\/\">Digitala media och civilsamh\u00e4lleliga n\u00e4tverk: Nationella och transnationella offentligheter<\/a>. Projektledare: Alexandra Segerberg<\/p>\n<p>\u00bb <a href=\"http:\/\/blogg.sh.se\/detcivilasamhallet\/delprojekten\/svenskarnas-medborgerliga-engagemang-en-studie-av-forandring-och-kontinuitet\/\">Svenskarnas medborgerliga engagemang \u2013 en studie av f\u00f6r\u00e4ndring och kontinuitet.<\/a> Projektledare: Lars Svedberg<\/p>\n<p>\u00bb <a href=\"http:\/\/blogg.sh.se\/detcivilasamhallet\/delprojekten\/civilsamhallet-och-den-deliberativa-demokratin-frivilligforeningars-roll-i-offentliga-samtal-om-forortsupplopp-och-dess-orsaker\/\">Civilsamh\u00e4llet och den deliberativa demokratin: frivilligf\u00f6reningars roll i offentliga samtal om f\u00f6rortsupplopp och dess orsaker<\/a>. Projektledare: Suruchi Thapar-Bj\u00f6rkert<\/p>\n<p>\u00bb<a href=\"http:\/\/blogg.sh.se\/detcivilasamhallet\/delprojekten\/motstandets-globalisering-paverkan-pa-demokrati-foresprakare-i-civil-samhallet-i-syd\/\"> Motst\u00e5ndets globalisering: P\u00e5verkan p\u00e5 demokrati f\u00f6respr\u00e5kare i civil samh\u00e4llet i syd<\/a>. Projektledare: Stellan Vinthagen<\/p>\n<p>\u00bb <a href=\"http:\/\/blogg.sh.se\/detcivilasamhallet\/delprojekten\/civila-samhallet-och-den-upplysta-valfardsstaten\/\">Civila samh\u00e4llet och den upplysta v\u00e4lf\u00e4rdsstaten<\/a>. Projektledare: PerOla \u00d6berg<\/p>\n","protected":false},"excerpt":{"rendered":"<p>\u00bb Frihetens kostnad? De materiella f\u00f6ruts\u00e4ttningarna f\u00f6r det civila samh\u00e4llets framv\u00e4xt i Sverige under 1800-talet. Projektledare: Anne Berg \u00bb Betydelsen av det civila samh\u00e4llets organisationer f\u00f6r ungdomars skolprestationer i storstad- respektive sm\u00e5ortsomr\u00e5den i Sverige. Projektledare: Alireza Behtoui \u00bb Elitens f\u00e5nge? Separationen av Kyrka och Stat i Sverige. Projektledare: Niklas Bengtsson \u00bb Civilsamh\u00e4llet som botemedel mot [&hellip;]<\/p>\n","protected":false},"author":2,"featured_media":0,"parent":0,"menu_order":0,"comment_status":"closed","ping_status":"closed","template":"","meta":[],"_links":{"self":[{"href":"https:\/\/blogg.sh.se\/detcivilasamhallet\/wp-json\/wp\/v2\/pages\/39"}],"collection":[{"href":"https:\/\/blogg.sh.se\/detcivilasamhallet\/wp-json\/wp\/v2\/pages"}],"about":[{"href":"https:\/\/blogg.sh.se\/detcivilasamhallet\/wp-json\/wp\/v2\/types\/page"}],"author":[{"embeddable":true,"href":"https:\/\/blogg.sh.se\/detcivilasamhallet\/wp-json\/wp\/v2\/users\/2"}],"replies":[{"embeddable":true,"href":"https:\/\/blogg.sh.se\/detcivilasamhallet\/wp-json\/wp\/v2\/comments?post=39"}],"version-history":[{"count":34,"href":"https:\/\/blogg.sh.se\/detcivilasamhallet\/wp-json\/wp\/v2\/pages\/39\/revisions"}],"predecessor-version":[{"id":338,"href":"https:\/\/blogg.sh.se\/detcivilasamhallet\/wp-json\/wp\/v2\/pages\/39\/revisions\/338"}],"wp:attachment":[{"href":"https:\/\/blogg.sh.se\/detcivilasamhallet\/wp-json\/wp\/v2\/media?parent=39"}],"curies":[{"name":"wp","href":"https:\/\/api.w.org\/{rel}","templated":true}]}}

<p>» <a href="http://blogg.sh.se/detcivilasamhallet/frihetens-kostnad-de-materiella-forutsattningarna-for-det-civila-samhallets-framvaxt-i-sverige-under-1800-talet/">Frihetens kostnad? De materiella förutsättningarna för det civila samhällets framväxt i Sverige under 1800-talet. </a>Projektledare: Anne Berg</p>
<p>» <a href="http://blogg.sh.se/detcivilasamhallet/delprojekten/48-2/">Betydelsen av det civila samhällets organisationer för ungdomars skolprestationer i storstad- respektive småortsområden i Sverige</a>. Projektledare: Alireza Behtoui</p>
<p>» <a href="http://blogg.sh.se/detcivilasamhallet/delprojekten/elitens-fange-separationen-av-kyrka-och-stat-i-sverige/">Elitens fånge? Separationen av Kyrka och Stat i Sverige.</a> Projektledare: Niklas Bengtsson</p>
<p>» <a href="http://blogg.sh.se/detcivilasamhallet/delprojekten/civilsamhallet-som-botemedel-mot-den-liberala-demokratins-kris-och-utmaningen-fran-politisk-jamlikhet/">Civilsamhället som botemedel mot den liberala demokratins kris och utmaningen från politisk jämlikhet</a>. Projektledare: Eva Erman</p>
<p>» <a href="http://blogg.sh.se/detcivilasamhallet/delprojekten/globala-policymaklare-transnationella-tankesmedjors-roll-i-formandet-av-politiska-arenor/">Globala policymäklare: Transnationella tankesmedjors roll i formandet av politiska arenor</a>. Projektledare: Christina Garsten</p>
<p>» <a href="http://blogg.sh.se/detcivilasamhallet/delprojekten/institutionella-begransningar-och-kreativa-losningar-civilsamhallet-i-polen-i-jamforande-perspektiv/">Institutionella begränsningar och kreativa lösningar: Civilsamhället i Polen i jämförande perspektiv</a>. Projektledare: Kerstin Jacobsson</p>
<p>» <a href="http://blogg.sh.se/detcivilasamhallet/delprojekten/mellan-rost-och-service-ideella-organisationers-roll-i-ett-foranderligt-valfardssamhalle/">Mellan röst och service: ideella organisationers roll i ett föränderligt välfärdssamhälle</a>. Projektledare: Staffan Johansson</p>
<p>» <a href="http://blogg.sh.se/detcivilasamhallet/delprojekten/den-kinesiska-staten-utmanad-formeringen-av-nya-medborgarnormer-i-ett-framvaxande-civilsamhalle/">Den kinesiska staten utmanad: Formeringen av nya medborgarnormer i ett framväxande civilsamhälle</a>. Projektledare: Johan Lagerkvist</p>
<p>» <a href="http://blogg.sh.se/detcivilasamhallet/delprojekten/en-paradoxal-konflikt-pa-gransen-mellan-kambodja-och-thailand-civilsamhallets-motstand-i-kampen-om-preah-vihear/">En paradoxal konflikt på gränsen mellan Kambodja och Thailand: Civilsamhällets motstånd i kampen om Preah Vihear</a>. Projektledare: Mona Lilja</p>
<p>» <a href="http://blogg.sh.se/detcivilasamhallet/delprojekten/granslandet-mellan-civilsamhalle-och-privatliv/">Gränslandet mellan civilsamhälle och privatliv</a>. Projektledare: Elisabet Lindberg</p>
<p>» <a href="http://blogg.sh.se/detcivilasamhallet/delprojekten/vad-bor-fackforeningar-gora/">Vad bör fackföreningar göra?</a> Projektledare: Lars Lindblom</p>
<p>» <a href="http://blogg.sh.se/detcivilasamhallet/delprojekten/sloja-regnbagsflagga-och-manga-om-genus-sexualitet-motstand-och-gemenskap-i-en-transnationell-tid/">Slöja, regnbågsflagg och manga. Om genus, sexualitet, motstånd och gemenskap i en transnationell tid</a>. Projektledare: Lena Martinsson</p>
<p>» <a href="http://blogg.sh.se/detcivilasamhallet/delprojekten/bortom-valfardsstaten-europeiseringen-av-det-svenska-civilsamhallets-organisationer/">Bortom välfärdsstaten: europeiseringen av det svenska civilsamhällets organisationer</a>. Projektledare: Anna Meeuwisse</p>
<p>» <a href="http://blogg.sh.se/detcivilasamhallet/delprojekten/drommar-om-forandring-kvinnor-och-skapandet-av-det-civila-samhallet-i-artiska-regionen-asien-latin-amerika-och-europa/">Drömmar om förändring. Kvinnor och skapandet av det civila samhället i Artiska regionen, Asien, Latin Amerika och Europa</a>. Projektledare: Diana Mulinari</p>
<p>» <a href="http://blogg.sh.se/detcivilasamhallet/delprojekten/vilka-ar-lobbyisterna-en-jamforande-populationsstudie-av-organiserade-intressen-i-det-civila-samhallet-i-sverige/">Vilka är lobbyisterna? En jämförande populationsstudie av organiserade intressen i det civila samhället i Sverige</a>. Projektledare: Daniel Naurin</p>
<p>» <a href="http://blogg.sh.se/detcivilasamhallet/delprojekten/barns-och-ungdomars-sociala-valbefinnande-institutioner-kulturer-och-samhalle/">Barns och ungdomars sociala välbefinnande: Institutioner, kulturer och samhälle. Projektledare</a>. Helena Olofsdotter Stensöta</p>
<p>» <a href="http://blogg.sh.se/detcivilasamhallet/delprojekten/de-sociala-mekanismerna-bakom-det-medlemslosa-civilsamhallets-organisationer-i-polen-ryssland-och-sverige/">De sociala mekanismerna bakom det medlemslösa civilsamhällets organisationer i Polen, Ryssland och Sverige</a>. Projektledare: Apostolis Papakostas</p>
<p>»<a href="http://blogg.sh.se/detcivilasamhallet/delprojekten/moments-of-danger-moments-of-opportunity-the-role-of-individuals-as-change-agents-in-organisations/"> Moments of danger, moments of opportunity: the role of individuals as change agents in organisations. A qualitative and quantitative study of trade union officials in national and international unions</a>. Projektledare: Nora Räthzel</p>
<p>» <a href="http://blogg.sh.se/detcivilasamhallet/delprojekten/det-semi-civila-samhallet-i-vietnam-en-mojlig-vag-till-demokratisering/">Det semi-civila samhället i Vietnam: en möjlig väg till demokratisering?</a> Projektledare: Steven Saxonberg</p>
<p>» <a href="http://blogg.sh.se/detcivilasamhallet/delprojekten/digitala-media-och-civilsamhalleliga-natverk-nationella-och-transnationella-offentligheter/">Digitala media och civilsamhälleliga nätverk: Nationella och transnationella offentligheter</a>. Projektledare: Alexandra Segerberg</p>
<p>» <a href="http://blogg.sh.se/detcivilasamhallet/delprojekten/svenskarnas-medborgerliga-engagemang-en-studie-av-forandring-och-kontinuitet/">Svenskarnas medborgerliga engagemang – en studie av förändring och kontinuitet.</a> Projektledare: Lars Svedberg</p>
<p>» <a href="http://blogg.sh.se/detcivilasamhallet/delprojekten/civilsamhallet-och-den-deliberativa-demokratin-frivilligforeningars-roll-i-offentliga-samtal-om-forortsupplopp-och-dess-orsaker/">Civilsamhället och den deliberativa demokratin: frivilligföreningars roll i offentliga samtal om förortsupplopp och dess orsaker</a>. Projektledare: Suruchi Thapar-Björkert</p>
<p>»<a href="http://blogg.sh.se/detcivilasamhallet/delprojekten/motstandets-globalisering-paverkan-pa-demokrati-foresprakare-i-civil-samhallet-i-syd/"> Motståndets globalisering: Påverkan på demokrati förespråkare i civil samhället i syd</a>. Projektledare: Stellan Vinthagen</p>
<p>» <a href="http://blogg.sh.se/detcivilasamhallet/delprojekten/civila-samhallet-och-den-upplysta-valfardsstaten/">Civila samhället och den upplysta välfärdsstaten</a>. Projektledare: PerOla Öberg</p>

<p>» Frihetens kostnad? De materiella förutsättningarna för det civila samhällets framväxt i Sverige under 1800-talet. Projektledare: Anne Berg » Betydelsen av det civila samhällets organisationer för ungdomars skolprestationer i storstad- respektive småortsområden i Sverige. Projektledare: Alireza Behtoui » Elitens fånge? Separationen av Kyrka och Stat i Sverige. Projektledare: Niklas Bengtsson » Civilsamhället som botemedel mot [&hellip;]</p>
