{"id":243,"date":"2017-05-04T11:30:26","date_gmt":"2017-05-04T11:30:26","guid":{"rendered":"http:\/\/blogg.sh.se\/detcivilasamhallet\/?page_id=243"},"modified":"2017-05-04T11:30:26","modified_gmt":"2017-05-04T11:30:26","slug":"civila-samhallet-och-den-upplysta-valfardsstaten","status":"publish","type":"page","link":"https:\/\/blogg.sh.se\/detcivilasamhallet\/delprojekten\/civila-samhallet-och-den-upplysta-valfardsstaten\/","title":{"rendered":"Civila samh\u00e4llet och den upplysta v\u00e4lf\u00e4rdsstaten"},"content":{"rendered":"<p>Perola \u00d6berg, Docent, statsvetenskapliga institutionen, Uppsala universitet, projektledare.<\/p>\n<p>Torsten Svensson, Professor, statsvetenskapliga institutionen, Uppsala universitet, projektledare.<\/p>\n<p>&nbsp;<\/p>\n<p><strong>Projektbeskrivning<\/strong><\/p>\n<p>Scroll down for project description in English<\/p>\n<p>Om demokratin inte ska bli ett tomt skal b\u00f6r medborgarna delta i upplysta samtal d\u00e4r besluten v\u00e4xer fram. Bidrar det civila samh\u00e4llet p\u00e5 ett konstruktivt s\u00e4tt till denna process? Under vilka f\u00f6ruts\u00e4ttningar, i s\u00e5 fall? Vi vill veta vad som h\u00e4nder inom organisationerna respektive i m\u00f6tet med andra akt\u00f6rer: Hur inf\u00f6rlivas och genereras kunskap i det civila samh\u00e4llet? P\u00e5 vilket s\u00e4tt bidrar denna kunskap till det offentliga samtalet? Trots omfattande forskning vet vi n\u00e4mligen f\u00f6rv\u00e5nansv\u00e4rt lite om detta. En anledning \u00e4r att tv\u00e5 av de mest omtvistade omr\u00e5dena inom samh\u00e4llsvetenskaperna ber\u00f6rs: Dels fr\u00e5gan om det civila samh\u00e4llets roll i demokratin.\u00a0 Dels fr\u00e5gan om vad som \u00e4r kunskap, hur den genereras och anv\u00e4nds. Inom denna ram utformas flera \u00f6verlappande studier som involverar forskare, doktorander och studenter. Studierna, som ska kombinera kvalitativa och kvantitativa metoder, koncentreras till centrala akt\u00f6rer inom det civila samh\u00e4llet, s\u00e5som intresseorganisationer och betydelsefulla think-tanks. V\u00e4lf\u00e4rdsstatens k\u00e4rnomr\u00e5den prioriteras.<\/p>\n<p>Projektet kommer att ge \u00f6kad k\u00e4nnedom om civila samh\u00e4llets roll i den kunskapsgenererande processen, och dess roll i det offentliga samtalet om v\u00e4lf\u00e4rdsstatens utformning. F\u00f6rutom att \u00f6ka kunskapen om hur v\u00e4lf\u00e4rdsstaten utvecklas, f\u00f6rb\u00e4ttras f\u00f6ruts\u00e4ttningarna om vi i framtiden vill f\u00f6r\u00e4ndra de institutioner som p\u00e5verkar konflikt och samspel mellan det civila samh\u00e4llet och andra sf\u00e4rer i samh\u00e4llet, till exempel vetenskapssamh\u00e4llet och partipolitiken.<\/p>\n<p><strong>Project description<\/strong><\/p>\n<p>A legitimate democracy rests heavily on the participation in effective deliberation by those affected by the political decisions. The main question in this project is to find out what particular roles civil society plays in connecting citizens, the scientific society and the political sphere with respect to knowledge and dialogue. We want to investigate how collective actors in civil society incorporate, learn and produce knowledge, in what way they impart that knowledge to other participants, and if they reflect about or seriously consider others contributions in the conversation. Does civil society contribute to the public discourse in a deliberative manner or does it only work as a platform for special interests? An attending question is in what way the knowledge is acknowledged and used.<\/p>\n<p>The research will focus on how civil society takes part in the public discourse of the welfare state. The project will provide increased knowledge of the role of civil society in the knowledge-generating process, and its role in the public debate on the welfare state design. In addition to raising awareness of the welfare state development we will also get a better understanding of how civil society interact with other spheres of society.<\/p>\n<p>The studies, which will combine qualitative and quantitative analysis, focus on key actors in civil society such as associations and major think-tanks.<\/p>\n<p><strong>Publicerat<\/strong><\/p>\n<p>PerOla \u00d6berg. 2013. &#8221;\u00c4r ett organiserat samh\u00e4lle bra f\u00f6r demokratin?&#8221;. I Li Bennich-Bj\u00f6rkman (red.): Statsvetenskapens fr\u00e5gor. Lund: Studentlitteratur, 93-105.<\/p>\n<p>Torsten Svensson. 2014. &#8221;The Swedish Model of Industrial Relations&#8221;. I \u201cOxford Handbook of Swedish Politics&#8221;, Oxford University Press.<\/p>\n","protected":false},"excerpt":{"rendered":"<p>Perola \u00d6berg, Docent, statsvetenskapliga institutionen, Uppsala universitet, projektledare. Torsten Svensson, Professor, statsvetenskapliga institutionen, Uppsala universitet, projektledare. &nbsp; Projektbeskrivning Scroll down for project description in English Om demokratin inte ska bli ett tomt skal b\u00f6r medborgarna delta i upplysta samtal d\u00e4r besluten v\u00e4xer fram. Bidrar det civila samh\u00e4llet p\u00e5 ett konstruktivt s\u00e4tt till denna process? Under [&hellip;]<\/p>\n","protected":false},"author":2,"featured_media":0,"parent":39,"menu_order":0,"comment_status":"closed","ping_status":"closed","template":"","meta":[],"_links":{"self":[{"href":"https:\/\/blogg.sh.se\/detcivilasamhallet\/wp-json\/wp\/v2\/pages\/243"}],"collection":[{"href":"https:\/\/blogg.sh.se\/detcivilasamhallet\/wp-json\/wp\/v2\/pages"}],"about":[{"href":"https:\/\/blogg.sh.se\/detcivilasamhallet\/wp-json\/wp\/v2\/types\/page"}],"author":[{"embeddable":true,"href":"https:\/\/blogg.sh.se\/detcivilasamhallet\/wp-json\/wp\/v2\/users\/2"}],"replies":[{"embeddable":true,"href":"https:\/\/blogg.sh.se\/detcivilasamhallet\/wp-json\/wp\/v2\/comments?post=243"}],"version-history":[{"count":2,"href":"https:\/\/blogg.sh.se\/detcivilasamhallet\/wp-json\/wp\/v2\/pages\/243\/revisions"}],"predecessor-version":[{"id":245,"href":"https:\/\/blogg.sh.se\/detcivilasamhallet\/wp-json\/wp\/v2\/pages\/243\/revisions\/245"}],"up":[{"embeddable":true,"href":"https:\/\/blogg.sh.se\/detcivilasamhallet\/wp-json\/wp\/v2\/pages\/39"}],"wp:attachment":[{"href":"https:\/\/blogg.sh.se\/detcivilasamhallet\/wp-json\/wp\/v2\/media?parent=243"}],"curies":[{"name":"wp","href":"https:\/\/api.w.org\/{rel}","templated":true}]}}

Civila samhället och den upplysta välfärdsstaten

<p>Perola Öberg, Docent, statsvetenskapliga institutionen, Uppsala universitet, projektledare.</p>
<p>Torsten Svensson, Professor, statsvetenskapliga institutionen, Uppsala universitet, projektledare.</p>
<p>&nbsp;</p>
<p><strong>Projektbeskrivning</strong></p>
<p>Scroll down for project description in English</p>
<p>Om demokratin inte ska bli ett tomt skal bör medborgarna delta i upplysta samtal där besluten växer fram. Bidrar det civila samhället på ett konstruktivt sätt till denna process? Under vilka förutsättningar, i så fall? Vi vill veta vad som händer inom organisationerna respektive i mötet med andra aktörer: Hur införlivas och genereras kunskap i det civila samhället? På vilket sätt bidrar denna kunskap till det offentliga samtalet? Trots omfattande forskning vet vi nämligen förvånansvärt lite om detta. En anledning är att två av de mest omtvistade områdena inom samhällsvetenskaperna berörs: Dels frågan om det civila samhällets roll i demokratin.  Dels frågan om vad som är kunskap, hur den genereras och används. Inom denna ram utformas flera överlappande studier som involverar forskare, doktorander och studenter. Studierna, som ska kombinera kvalitativa och kvantitativa metoder, koncentreras till centrala aktörer inom det civila samhället, såsom intresseorganisationer och betydelsefulla think-tanks. Välfärdsstatens kärnområden prioriteras.</p>
<p>Projektet kommer att ge ökad kännedom om civila samhällets roll i den kunskapsgenererande processen, och dess roll i det offentliga samtalet om välfärdsstatens utformning. Förutom att öka kunskapen om hur välfärdsstaten utvecklas, förbättras förutsättningarna om vi i framtiden vill förändra de institutioner som påverkar konflikt och samspel mellan det civila samhället och andra sfärer i samhället, till exempel vetenskapssamhället och partipolitiken.</p>
<p><strong>Project description</strong></p>
<p>A legitimate democracy rests heavily on the participation in effective deliberation by those affected by the political decisions. The main question in this project is to find out what particular roles civil society plays in connecting citizens, the scientific society and the political sphere with respect to knowledge and dialogue. We want to investigate how collective actors in civil society incorporate, learn and produce knowledge, in what way they impart that knowledge to other participants, and if they reflect about or seriously consider others contributions in the conversation. Does civil society contribute to the public discourse in a deliberative manner or does it only work as a platform for special interests? An attending question is in what way the knowledge is acknowledged and used.</p>
<p>The research will focus on how civil society takes part in the public discourse of the welfare state. The project will provide increased knowledge of the role of civil society in the knowledge-generating process, and its role in the public debate on the welfare state design. In addition to raising awareness of the welfare state development we will also get a better understanding of how civil society interact with other spheres of society.</p>
<p>The studies, which will combine qualitative and quantitative analysis, focus on key actors in civil society such as associations and major think-tanks.</p>
<p><strong>Publicerat</strong></p>
<p>PerOla Öberg. 2013. &#8221;Är ett organiserat samhälle bra för demokratin?&#8221;. I Li Bennich-Björkman (red.): Statsvetenskapens frågor. Lund: Studentlitteratur, 93-105.</p>
<p>Torsten Svensson. 2014. &#8221;The Swedish Model of Industrial Relations&#8221;. I “Oxford Handbook of Swedish Politics&#8221;, Oxford University Press.</p>

<p>Perola Öberg, Docent, statsvetenskapliga institutionen, Uppsala universitet, projektledare. Torsten Svensson, Professor, statsvetenskapliga institutionen, Uppsala universitet, projektledare. &nbsp; Projektbeskrivning Scroll down for project description in English Om demokratin inte ska bli ett tomt skal bör medborgarna delta i upplysta samtal där besluten växer fram. Bidrar det civila samhället på ett konstruktivt sätt till denna process? Under [&hellip;]</p>
