{"id":238,"date":"2017-05-04T11:27:52","date_gmt":"2017-05-04T11:27:52","guid":{"rendered":"http:\/\/blogg.sh.se\/detcivilasamhallet\/?page_id=238"},"modified":"2017-05-04T11:27:52","modified_gmt":"2017-05-04T11:27:52","slug":"motstandets-globalisering-paverkan-pa-demokrati-foresprakare-i-civil-samhallet-i-syd","status":"publish","type":"page","link":"https:\/\/blogg.sh.se\/detcivilasamhallet\/delprojekten\/motstandets-globalisering-paverkan-pa-demokrati-foresprakare-i-civil-samhallet-i-syd\/","title":{"rendered":"Motst\u00e5ndets globalisering: P\u00e5verkan p\u00e5 demokrati f\u00f6respr\u00e5kare i civil samh\u00e4llet i syd"},"content":{"rendered":"<p>Stellan Vinthagen, Docent, institutionen f\u00f6r globala studier, G\u00f6teborgs universitet, projektledare.<\/p>\n<p>Mikael Baaz, Docent, Handelsh\u00f6gskolan, G\u00f6teborgs universitet.<\/p>\n<p>Mona Lilja, Fil dr, institutionen f\u00f6r globala studier, G\u00f6teborgs universitet.<\/p>\n<p>Michael Schultz, Docent, institutionen f\u00f6r globala studier, G\u00f6teborgs universitet.<\/p>\n<p>&nbsp;<\/p>\n<p><strong>Projektbeskrivning<\/strong><\/p>\n<p>The idea of this program is to continue to develop and build a profound research environment at the School of Global studies (SGS), University of Gothenburg, in which researchers dealing with civil society and resistance are brought together. The specific aim is to understand how various civil societies and their resistance transform under the impact of an increasing globalization, and what that means for democratization. In this, a historical and comparative framework will be used to analyze the civil societies in three selected countries (Cambodia, India, and Palestine). The main research questions of the program are: (1) How does globalization create new obstacles and new options for the resistance of the civil societies of Cambodia, India, and Palestine? (2) What new articulations (forms, sites, strategies, technologies and agents) of resistance are fostered as the civil societies of Cambodia, India, and Palestine is exposed to processes of globalization?\u00a0\u00a0\u00a0\u00a0\u00a0\u00a0\u00a0\u00a0 (3) What factors can explain the obstacles\/options and articulations of resistance for democracy driven civil society organizations in Cambodia, India, and Palestine? During the field research in the selected countries interviews with various stakeholders will be carried out and policy documents, strategic plans and other published material from civil society organizations will be collected and analyzed in order to identify the objectives, strategies, and implementation plans of the civil society organizations.<\/p>\n<p><strong>Publicerat<\/strong><\/p>\n<p>\u00bb <a href=\"http:\/\/blogg.sh.se\/detcivilasamhallet\/wp-content\/uploads\/2017\/05\/lilja_references_resist-1.pdf\" target=\"_blank\" rel=\"noopener noreferrer\">List of publications \u2013 RESIST research group (link)<\/a><\/p>\n<p>\u00bb <a href=\"http:\/\/blogg.sh.se\/detcivilasamhallet\/wp-content\/uploads\/2017\/05\/scholte_civil_society_and_financial_markets.pdf\" target=\"_blank\" rel=\"noopener noreferrer\">Jan Aart Sholte: \u201cCivil Society and Financial Markets, What Is Not Happening and Why\u201d (link)<\/a><\/p>\n","protected":false},"excerpt":{"rendered":"<p>Stellan Vinthagen, Docent, institutionen f\u00f6r globala studier, G\u00f6teborgs universitet, projektledare. Mikael Baaz, Docent, Handelsh\u00f6gskolan, G\u00f6teborgs universitet. Mona Lilja, Fil dr, institutionen f\u00f6r globala studier, G\u00f6teborgs universitet. Michael Schultz, Docent, institutionen f\u00f6r globala studier, G\u00f6teborgs universitet. &nbsp; Projektbeskrivning The idea of this program is to continue to develop and build a profound research environment at the [&hellip;]<\/p>\n","protected":false},"author":2,"featured_media":0,"parent":39,"menu_order":0,"comment_status":"closed","ping_status":"closed","template":"","meta":[],"_links":{"self":[{"href":"https:\/\/blogg.sh.se\/detcivilasamhallet\/wp-json\/wp\/v2\/pages\/238"}],"collection":[{"href":"https:\/\/blogg.sh.se\/detcivilasamhallet\/wp-json\/wp\/v2\/pages"}],"about":[{"href":"https:\/\/blogg.sh.se\/detcivilasamhallet\/wp-json\/wp\/v2\/types\/page"}],"author":[{"embeddable":true,"href":"https:\/\/blogg.sh.se\/detcivilasamhallet\/wp-json\/wp\/v2\/users\/2"}],"replies":[{"embeddable":true,"href":"https:\/\/blogg.sh.se\/detcivilasamhallet\/wp-json\/wp\/v2\/comments?post=238"}],"version-history":[{"count":2,"href":"https:\/\/blogg.sh.se\/detcivilasamhallet\/wp-json\/wp\/v2\/pages\/238\/revisions"}],"predecessor-version":[{"id":242,"href":"https:\/\/blogg.sh.se\/detcivilasamhallet\/wp-json\/wp\/v2\/pages\/238\/revisions\/242"}],"up":[{"embeddable":true,"href":"https:\/\/blogg.sh.se\/detcivilasamhallet\/wp-json\/wp\/v2\/pages\/39"}],"wp:attachment":[{"href":"https:\/\/blogg.sh.se\/detcivilasamhallet\/wp-json\/wp\/v2\/media?parent=238"}],"curies":[{"name":"wp","href":"https:\/\/api.w.org\/{rel}","templated":true}]}}