{"id":233,"date":"2017-05-04T11:22:37","date_gmt":"2017-05-04T11:22:37","guid":{"rendered":"http:\/\/blogg.sh.se\/detcivilasamhallet\/?page_id=233"},"modified":"2017-05-04T11:23:05","modified_gmt":"2017-05-04T11:23:05","slug":"civilsamhallet-och-den-deliberativa-demokratin-frivilligforeningars-roll-i-offentliga-samtal-om-forortsupplopp-och-dess-orsaker","status":"publish","type":"page","link":"https:\/\/blogg.sh.se\/detcivilasamhallet\/delprojekten\/civilsamhallet-och-den-deliberativa-demokratin-frivilligforeningars-roll-i-offentliga-samtal-om-forortsupplopp-och-dess-orsaker\/","title":{"rendered":"Civilsamh\u00e4llet och den deliberativa demokratin: frivilligf\u00f6reningars roll i offentliga samtal om f\u00f6rortsupplopp och dess orsaker"},"content":{"rendered":"<p><strong>Civil Society and Deliberative democracy: Suburban Riots in Sweden and Civic Associations Representation of Marginalisation in Public Discourses<\/strong><\/p>\n<p>Suruchi Thapar-Bj\u00f6rkert, Statsvetenskapliga institutionen, Uppsala universitet, projektledare.<\/p>\n<p>&nbsp;<\/p>\n<p><strong>Projektbeskrivning<\/strong><\/p>\n<p>Scroll down for project description in English<\/p>\n<p>S\u00e5 kallade \u2019\u2019f\u00f6rortsupplopp\u201d har blivit omdebatterade h\u00e4ndelser i flera Europeiska st\u00e4der, fr\u00e5n London och Paris till nu senast i Stockholm. Det h\u00e4r projektet st\u00e4ller fr\u00e5gan: vilka \u00e4r f\u00f6ruts\u00e4ttningarna f\u00f6r lokalt f\u00f6rankrade akt\u00f6rer inom civilsamh\u00e4llet att p\u00e5verka ber\u00e4ttelser om upplopp som sker i deras f\u00f6rorter? Studien fokuserar p\u00e5 ungdomsf\u00f6reningar i Stockholms f\u00f6rorter och deras sociala och politiska funktioner i samband med de upplopp som startade i Husby i maj 2013 och spreds till andra Stockholmsf\u00f6rorter.<br \/>\nTidigare forskning och teorier om civilsamh\u00e4llet pekar p\u00e5 att f\u00f6reningar kan spela en dubbel roll vid kritiska tidpunkter. De kan dels f\u00f6rs\u00f6ka n\u00e5 ut till en bredare publik, med ett budskap som utmanar dominerande f\u00f6rest\u00e4llningar om h\u00e4ndelserna och deras orsaker. De kan ocks\u00e5 spela en viktig roll i lokalsamh\u00e4llet genom att fungera som sociala platformer f\u00f6r att diskutera och utbyta erfarenheter. Upplopp \u00e4r en s\u00e4rskilt intressant h\u00e4ndelse eftersom de kan aktivera civilsamh\u00e4llets olika funktioner. De g\u00f6r ocks\u00e5 civilsamh\u00e4llets dubbla roller s\u00e4rskilt angel\u00e4gna. Dels finns ett s\u00e4rskilt starkt behov av en plats att utbyta erfarenheter och \u00e5sikter om h\u00e4ndelser som direkt ber\u00f6r m\u00e4nniskor i f\u00f6reningarnas omgivning. Dels finns ett s\u00e4rskilt behov fr\u00e5n det demokratiska systemet av socialt f\u00f6rankrade f\u00f6reningar som kan representera marginaliserade r\u00f6ster i offentliga samtal. Studien unders\u00f6ker hur ungdomsf\u00f6reningar i Stockholms f\u00f6rorter agerar f\u00f6r att fylla dessa funktioner. Vilken roll spelade de f\u00f6r m\u00e4nniskor i ber\u00f6rda f\u00f6rorter under upploppen och de efterf\u00f6ljande debatterna i riksmedier? Vilka \u00e4r deras f\u00f6ruts\u00e4ttningar f\u00f6r att kunna g\u00f6ra sig h\u00f6rda i debatter d\u00e4r professionella intressegrupper, partier och medief\u00f6retag ofta har st\u00f6rre m\u00f6jligheter att styra dagordningen? F\u00f6rortsupploppen i Stockholm i maj 2013 v\u00e4ckte stor uppm\u00e4rksamhet och ett antal representanter f\u00f6r lokala f\u00f6reningar kom att engagera sig i debatter om upploppen och deras orsaker. Megafonen, en ungdomsf\u00f6rening som s\u00e4ger sig vilja \u201dge f\u00f6rorten en r\u00f6st\u201d var den f\u00f6rening som tog mest plats i dessa debatter. Andra lokala f\u00f6reningar tog inte lika stor plats i de offentliga samtalen om upploppen, men kan ha haft andra viktiga funktioner som sociala plattformer f\u00f6r diskussioner och utbyten av erfarenheter av upploppen. Genom en triangulering av metoder kommer projektet ge en samlad bild av f\u00f6reningars roll i Husby, Tensta och Rinkeby, tre f\u00f6rorter som s\u00e4rskilt ber\u00f6rdes av upploppen 2013. Genom granskning av mediernas rapportering och debatter i medier kommer studien att unders\u00f6ka diskurser om upploppen. Med hj\u00e4lp av enk\u00e4ter unders\u00f6ks ocks\u00e5 erfarenheter av upploppen bland de boende i f\u00f6rorterna, b\u00e5de f\u00f6reningsaktiva och de som inte deltar i f\u00f6reningar. En tredje del unders\u00f6ker f\u00f6reningarnas roll i lokalsamh\u00e4llet kvalitativt, genom intervjuer med f\u00f6reningsaktiva och deltagande observationer. Tillsammans bidrar dessa olika metoder till en samlad bild av f\u00f6reningars betydelse f\u00f6r hur ber\u00e4ttelser skapas om upploppen. Projektet tar sin utg\u00e5ngspunkt i p\u00e5g\u00e5ende diskussioner om civilsamh\u00e4llets roll i \u201dden deliberativa demokratin\u201d. Fokus l\u00e4ggs h\u00e4r p\u00e5 hur gemensamma ber\u00e4ttelser om samh\u00e4llets utmaningar och problemformuleringar skapas i offentliga samtal som i sin tur kan uppmana till politisk handling fr\u00e5n de representativa institutionerna. Samh\u00e4llets och det politiska systemets legitimitet grundar sig, med detta syns\u00e4tt, i att samtliga medborgare kan delta p\u00e5 lika villkor i de offentliga samtalen. Genom sin f\u00f6rankring i det vardagliga samh\u00e4llslivet t\u00e4nks f\u00f6reningar bidra till offentliga samtal om fr\u00e5gor som \u00e4r angel\u00e4gna f\u00f6r m\u00e4nniskor i deras omgivning. Projektet ger ett empiriskt och teoretiskt bidrag till denna diskurs, som ocks\u00e5 \u00e4r av stor samh\u00e4llsrelevans. B\u00e4ttre kunskap om erfarenheter av marginalisering och f\u00f6ruts\u00e4ttningar f\u00f6r deltagande i debatter om marginalisering, g\u00f6r makthavare likv\u00e4l som engagerade medborgare b\u00e4ttre rustade att f\u00f6rebygga samh\u00e4llsproblem som har konsekvenser f\u00f6r demokratins och r\u00e4ttstatens funktionss\u00e4tt.<\/p>\n<p><strong>Project description<\/strong><\/p>\n<p>The project investigates the deliberative roles of civic youth associations in three suburbs of Stockholm during \u2019the suburban riots\u2019 of 2013 and their aftermath. It focuses on youth associations that provide social arenas for discussing the events and exchanging experiences in immigrant majority suburbs that were especially affected by the riots. The project investigates the conditions of youth associations for affecting public narratives and debates about the nature and causes of the riots and associated concerns of marginalization and failed integration. Using a triangulation of methods to study the roles of youth associations in Husby, Tensta and Rinkeby, the project contributes both empirically and theoretically to current debates on the role of civil society in deliberative democracy. In particular, it examines the dual roles of associations in providing platforms for social activities while at the same time informing public discussions on the lived realities of residents in the suburbs. This research will be of significant relevance for policy makers and engaged citizens. It will improve our knowledge of the dimensions of marginalization required to avoid riots in the future. It will also be of importance for integration policies as well as the broader need for making the public sphere of deliberation accessible to all citizens.<\/p>\n","protected":false},"excerpt":{"rendered":"<p>Civil Society and Deliberative democracy: Suburban Riots in Sweden and Civic Associations Representation of Marginalisation in Public Discourses Suruchi Thapar-Bj\u00f6rkert, Statsvetenskapliga institutionen, Uppsala universitet, projektledare. &nbsp; Projektbeskrivning Scroll down for project description in English S\u00e5 kallade \u2019\u2019f\u00f6rortsupplopp\u201d har blivit omdebatterade h\u00e4ndelser i flera Europeiska st\u00e4der, fr\u00e5n London och Paris till nu senast i Stockholm. Det [&hellip;]<\/p>\n","protected":false},"author":2,"featured_media":0,"parent":39,"menu_order":0,"comment_status":"closed","ping_status":"closed","template":"","meta":[],"_links":{"self":[{"href":"https:\/\/blogg.sh.se\/detcivilasamhallet\/wp-json\/wp\/v2\/pages\/233"}],"collection":[{"href":"https:\/\/blogg.sh.se\/detcivilasamhallet\/wp-json\/wp\/v2\/pages"}],"about":[{"href":"https:\/\/blogg.sh.se\/detcivilasamhallet\/wp-json\/wp\/v2\/types\/page"}],"author":[{"embeddable":true,"href":"https:\/\/blogg.sh.se\/detcivilasamhallet\/wp-json\/wp\/v2\/users\/2"}],"replies":[{"embeddable":true,"href":"https:\/\/blogg.sh.se\/detcivilasamhallet\/wp-json\/wp\/v2\/comments?post=233"}],"version-history":[{"count":3,"href":"https:\/\/blogg.sh.se\/detcivilasamhallet\/wp-json\/wp\/v2\/pages\/233\/revisions"}],"predecessor-version":[{"id":236,"href":"https:\/\/blogg.sh.se\/detcivilasamhallet\/wp-json\/wp\/v2\/pages\/233\/revisions\/236"}],"up":[{"embeddable":true,"href":"https:\/\/blogg.sh.se\/detcivilasamhallet\/wp-json\/wp\/v2\/pages\/39"}],"wp:attachment":[{"href":"https:\/\/blogg.sh.se\/detcivilasamhallet\/wp-json\/wp\/v2\/media?parent=233"}],"curies":[{"name":"wp","href":"https:\/\/api.w.org\/{rel}","templated":true}]}}