{"id":126,"date":"2017-05-02T13:48:36","date_gmt":"2017-05-02T13:48:36","guid":{"rendered":"http:\/\/blogg.sh.se\/detcivilasamhallet\/?page_id=126"},"modified":"2017-05-02T14:40:14","modified_gmt":"2017-05-02T14:40:14","slug":"vad-bor-fackforeningar-gora","status":"publish","type":"page","link":"https:\/\/blogg.sh.se\/detcivilasamhallet\/delprojekten\/vad-bor-fackforeningar-gora\/","title":{"rendered":"Vad b\u00f6r fackf\u00f6reningar g\u00f6ra?"},"content":{"rendered":"<p><strong>What should Unions do?<\/strong><\/p>\n<p>Lars Lindblom, Ume\u00e5 universitet, projektledare.<\/p>\n<p>&nbsp;<\/p>\n<p><strong>Projektbeskrivning<\/strong><\/p>\n<p>Scroll down for project description in English<\/p>\n<p>Fackf\u00f6reringar spelar en viktig roll i samh\u00e4llet. I den politiska debatten diskuteras m\u00e4ngder av fr\u00e5gor som har med facket att g\u00f6ra, men det finns v\u00e4ldigt lite forskning om fr\u00e5gan: Vad b\u00f6r facket g\u00f6ra? Projektet syftar till att \u00e5tg\u00e4rda denna brist.<br \/>\nTre fr\u00e5gor kommer att unders\u00f6kas. F\u00f6rsta, varf\u00f6r b\u00f6r det finnas fackf\u00f6reningar? Projektet utg\u00e5r fr\u00e5n politiska filosofen John Rawls teori om r\u00e4ttvisa f\u00f6r att formulera ett argument f\u00f6r varf\u00f6r fackf\u00f6reningar beh\u00f6vs och vilken roll de b\u00f6r ha i samh\u00e4llet. Den andra fr\u00e5gan \u00e4r: Vad b\u00f6r fackf\u00f6reningar g\u00f6ra? Hur ska man g\u00f6ra avv\u00e4gningar mellan h\u00f6gre l\u00f6ner och arbetsl\u00f6shet eller mellan unga och \u00e4ldres intressen? Slutligen, vilken inst\u00e4llning b\u00f6r staten ha gentemot fackf\u00f6reningar? B\u00f6r de gynnas, eller b\u00f6r staten vara neutral? Detta reser fundamentala fr\u00e5gor om statens roll i samh\u00e4llet och ekonomin.<\/p>\n<p><strong>Project description<\/strong><\/p>\n<p>Surprisingly, there is very little work on why there ought to be unions, or what they ought to do. Philosophers have neither analyzed of unionism, nor applied normative theories to this part of the economic system. These questions are central in contemporary political debate. This project will investigate three questions with regards to what unions ought to do.<\/p>\n<p>First, why should there be trade unions? The project takes as its starting point John Rawls&#8217; theory of justice in order to formulate an argument for why unions are needed and what role they should play in society.<\/p>\n<p>The second question is: What should unions do? How should we make trade-offs between higher wages and unemployment, or between young and older people&#8217;s interests? Finally, what attitude should the state have against unions? Should the state support them, or should it be neutral? This raises fundamental questions about the role of government in society and the economy.<\/p>\n","protected":false},"excerpt":{"rendered":"<p>What should Unions do? Lars Lindblom, Ume\u00e5 universitet, projektledare. &nbsp; Projektbeskrivning Scroll down for project description in English Fackf\u00f6reringar spelar en viktig roll i samh\u00e4llet. I den politiska debatten diskuteras m\u00e4ngder av fr\u00e5gor som har med facket att g\u00f6ra, men det finns v\u00e4ldigt lite forskning om fr\u00e5gan: Vad b\u00f6r facket g\u00f6ra? Projektet syftar till att [&hellip;]<\/p>\n","protected":false},"author":2,"featured_media":0,"parent":39,"menu_order":0,"comment_status":"closed","ping_status":"closed","template":"","meta":[],"_links":{"self":[{"href":"https:\/\/blogg.sh.se\/detcivilasamhallet\/wp-json\/wp\/v2\/pages\/126"}],"collection":[{"href":"https:\/\/blogg.sh.se\/detcivilasamhallet\/wp-json\/wp\/v2\/pages"}],"about":[{"href":"https:\/\/blogg.sh.se\/detcivilasamhallet\/wp-json\/wp\/v2\/types\/page"}],"author":[{"embeddable":true,"href":"https:\/\/blogg.sh.se\/detcivilasamhallet\/wp-json\/wp\/v2\/users\/2"}],"replies":[{"embeddable":true,"href":"https:\/\/blogg.sh.se\/detcivilasamhallet\/wp-json\/wp\/v2\/comments?post=126"}],"version-history":[{"count":2,"href":"https:\/\/blogg.sh.se\/detcivilasamhallet\/wp-json\/wp\/v2\/pages\/126\/revisions"}],"predecessor-version":[{"id":178,"href":"https:\/\/blogg.sh.se\/detcivilasamhallet\/wp-json\/wp\/v2\/pages\/126\/revisions\/178"}],"up":[{"embeddable":true,"href":"https:\/\/blogg.sh.se\/detcivilasamhallet\/wp-json\/wp\/v2\/pages\/39"}],"wp:attachment":[{"href":"https:\/\/blogg.sh.se\/detcivilasamhallet\/wp-json\/wp\/v2\/media?parent=126"}],"curies":[{"name":"wp","href":"https:\/\/api.w.org\/{rel}","templated":true}]}}

Vad bör fackföreningar göra?

<p><strong>What should Unions do?</strong></p>
<p>Lars Lindblom, Umeå universitet, projektledare.</p>
<p>&nbsp;</p>
<p><strong>Projektbeskrivning</strong></p>
<p>Scroll down for project description in English</p>
<p>Fackföreringar spelar en viktig roll i samhället. I den politiska debatten diskuteras mängder av frågor som har med facket att göra, men det finns väldigt lite forskning om frågan: Vad bör facket göra? Projektet syftar till att åtgärda denna brist.<br />
Tre frågor kommer att undersökas. Första, varför bör det finnas fackföreningar? Projektet utgår från politiska filosofen John Rawls teori om rättvisa för att formulera ett argument för varför fackföreningar behövs och vilken roll de bör ha i samhället. Den andra frågan är: Vad bör fackföreningar göra? Hur ska man göra avvägningar mellan högre löner och arbetslöshet eller mellan unga och äldres intressen? Slutligen, vilken inställning bör staten ha gentemot fackföreningar? Bör de gynnas, eller bör staten vara neutral? Detta reser fundamentala frågor om statens roll i samhället och ekonomin.</p>
<p><strong>Project description</strong></p>
<p>Surprisingly, there is very little work on why there ought to be unions, or what they ought to do. Philosophers have neither analyzed of unionism, nor applied normative theories to this part of the economic system. These questions are central in contemporary political debate. This project will investigate three questions with regards to what unions ought to do.</p>
<p>First, why should there be trade unions? The project takes as its starting point John Rawls&#8217; theory of justice in order to formulate an argument for why unions are needed and what role they should play in society.</p>
<p>The second question is: What should unions do? How should we make trade-offs between higher wages and unemployment, or between young and older people&#8217;s interests? Finally, what attitude should the state have against unions? Should the state support them, or should it be neutral? This raises fundamental questions about the role of government in society and the economy.</p>

<p>What should Unions do? Lars Lindblom, Umeå universitet, projektledare. &nbsp; Projektbeskrivning Scroll down for project description in English Fackföreringar spelar en viktig roll i samhället. I den politiska debatten diskuteras mängder av frågor som har med facket att göra, men det finns väldigt lite forskning om frågan: Vad bör facket göra? Projektet syftar till att [&hellip;]</p>
