{"id":507,"date":"2023-02-03T10:56:18","date_gmt":"2023-02-03T10:56:18","guid":{"rendered":"https:\/\/blogg.sh.se\/biologiskt_kulturarv\/?page_id=507"},"modified":"2023-02-03T14:24:37","modified_gmt":"2023-02-03T14:24:37","slug":"de-norska-seteraktorerna","status":"publish","type":"page","link":"https:\/\/blogg.sh.se\/biologiskt_kulturarv\/de-norska-seteraktorerna\/","title":{"rendered":"De norska seterakt\u00f6rerna"},"content":{"rendered":"\n<figure class=\"wp-block-image size-large is-resized\"><a href=\"https:\/\/blogg.sh.se\/biologiskt_kulturarv\/wp-content\/uploads\/2023\/02\/DSC_2953-scaled.jpg\"><img loading=\"lazy\" src=\"https:\/\/blogg.sh.se\/biologiskt_kulturarv\/wp-content\/uploads\/2023\/02\/DSC_2953-1024x683.jpg\" alt=\"\" class=\"wp-image-559\" width=\"481\" height=\"320\" srcset=\"https:\/\/blogg.sh.se\/biologiskt_kulturarv\/wp-content\/uploads\/2023\/02\/DSC_2953-1024x683.jpg 1024w, https:\/\/blogg.sh.se\/biologiskt_kulturarv\/wp-content\/uploads\/2023\/02\/DSC_2953-300x200.jpg 300w, https:\/\/blogg.sh.se\/biologiskt_kulturarv\/wp-content\/uploads\/2023\/02\/DSC_2953-768x512.jpg 768w, https:\/\/blogg.sh.se\/biologiskt_kulturarv\/wp-content\/uploads\/2023\/02\/DSC_2953-1536x1024.jpg 1536w, https:\/\/blogg.sh.se\/biologiskt_kulturarv\/wp-content\/uploads\/2023\/02\/DSC_2953-2048x1365.jpg 2048w\" sizes=\"(max-width: 481px) 100vw, 481px\" \/><\/a><\/figure>\n\n\n\n<p>I Norge finns den nationella f\u00f6reningen Norsk seterkultur (https:\/\/www.seterkultur.no). FSF och Norsk seterkultur \u00e4r de tv\u00e5 drivande f\u00f6reningarna i projektet att nominera f\u00e4bodkulturen\/seterkulturen.<\/p>\n\n\n\n<p>En del av de svenska f\u00e4bodbrukarna \u00e4r med i riksf\u00f6reningen Sverige F\u00f6rbundet Sveriges F\u00e4bodkultur och utmarksbruk (FSF) (www.fabod.nu). Vid sidan av riksf\u00f6reningen finns det \u00e4ven regionala f\u00f6reningar i Sverige, Dalarnas f\u00e4bodbrukarf\u00f6rening (<a rel=\"noreferrer noopener\" href=\"https:\/\/sv-se.facebook.com\/dalafabod\/\" target=\"_blank\">https:\/\/sv-se.facebook.com\/dalafabod\/<\/a>), F\u00f6reningen V\u00e4rmlands S\u00e4terkultur (<a rel=\"noreferrer noopener\" href=\"https:\/\/sv-se.facebook.com\/varmlandsaterkultur\/\" target=\"_blank\">https:\/\/sv-se.facebook.com\/varmlandsaterkultur\/<\/a>), G\u00e4vleborgs f\u00e4bodf\u00f6rening (<a rel=\"noreferrer noopener\" href=\"https:\/\/gfabod.blogspot.com\/\" target=\"_blank\">https:\/\/gfabod.blogspot.com<\/a>), J\u00e4mtland H\u00e4rjedalen F\u00e4bodf\u00f6rening och V\u00e4rmlands s\u00e4terbrukarf\u00f6rening . Sedan finns det dessutom olika lokala f\u00f6reningar.&nbsp;<\/p>\n","protected":false},"excerpt":{"rendered":"<p>I Norge finns den nationella f\u00f6reningen Norsk seterkultur (https:\/\/www.seterkultur.no). FSF och Norsk seterkultur \u00e4r de tv\u00e5 drivande f\u00f6reningarna i projektet att nominera f\u00e4bodkulturen\/seterkulturen. En del av de svenska f\u00e4bodbrukarna \u00e4r med i riksf\u00f6reningen Sverige F\u00f6rbundet Sveriges F\u00e4bodkultur och utmarksbruk (FSF) (www.fabod.nu). Vid sidan av riksf\u00f6reningen finns det \u00e4ven regionala f\u00f6reningar i Sverige, Dalarnas f\u00e4bodbrukarf\u00f6rening (https:\/\/sv-se.facebook.com\/dalafabod\/), &hellip; <\/p>\n<p class=\"link-more\"><a href=\"https:\/\/blogg.sh.se\/biologiskt_kulturarv\/de-norska-seteraktorerna\/\" class=\"more-link\">Forts\u00e4tt l\u00e4sa<span class=\"screen-reader-text\"> \u201dDe norska seterakt\u00f6rerna\u201d<\/span><\/a><\/p>\n","protected":false},"author":5,"featured_media":0,"parent":0,"menu_order":0,"comment_status":"closed","ping_status":"closed","template":"","meta":[],"_links":{"self":[{"href":"https:\/\/blogg.sh.se\/biologiskt_kulturarv\/wp-json\/wp\/v2\/pages\/507"}],"collection":[{"href":"https:\/\/blogg.sh.se\/biologiskt_kulturarv\/wp-json\/wp\/v2\/pages"}],"about":[{"href":"https:\/\/blogg.sh.se\/biologiskt_kulturarv\/wp-json\/wp\/v2\/types\/page"}],"author":[{"embeddable":true,"href":"https:\/\/blogg.sh.se\/biologiskt_kulturarv\/wp-json\/wp\/v2\/users\/5"}],"replies":[{"embeddable":true,"href":"https:\/\/blogg.sh.se\/biologiskt_kulturarv\/wp-json\/wp\/v2\/comments?post=507"}],"version-history":[{"count":2,"href":"https:\/\/blogg.sh.se\/biologiskt_kulturarv\/wp-json\/wp\/v2\/pages\/507\/revisions"}],"predecessor-version":[{"id":560,"href":"https:\/\/blogg.sh.se\/biologiskt_kulturarv\/wp-json\/wp\/v2\/pages\/507\/revisions\/560"}],"wp:attachment":[{"href":"https:\/\/blogg.sh.se\/biologiskt_kulturarv\/wp-json\/wp\/v2\/media?parent=507"}],"curies":[{"name":"wp","href":"https:\/\/api.w.org\/{rel}","templated":true}]}}

De norska seteraktörerna

<figure class="wp-block-image size-large is-resized"><a href="https://blogg.sh.se/biologiskt_kulturarv/wp-content/uploads/2023/02/DSC_2953-scaled.jpg"><img loading="lazy" src="https://blogg.sh.se/biologiskt_kulturarv/wp-content/uploads/2023/02/DSC_2953-1024x683.jpg" alt="" class="wp-image-559" width="481" height="320" srcset="https://blogg.sh.se/biologiskt_kulturarv/wp-content/uploads/2023/02/DSC_2953-1024x683.jpg 1024w, https://blogg.sh.se/biologiskt_kulturarv/wp-content/uploads/2023/02/DSC_2953-300x200.jpg 300w, https://blogg.sh.se/biologiskt_kulturarv/wp-content/uploads/2023/02/DSC_2953-768x512.jpg 768w, https://blogg.sh.se/biologiskt_kulturarv/wp-content/uploads/2023/02/DSC_2953-1536x1024.jpg 1536w, https://blogg.sh.se/biologiskt_kulturarv/wp-content/uploads/2023/02/DSC_2953-2048x1365.jpg 2048w" sizes="(max-width: 481px) 100vw, 481px" /></a></figure>



<p>I Norge finns den nationella föreningen Norsk seterkultur (https://www.seterkultur.no). FSF och Norsk seterkultur är de två drivande föreningarna i projektet att nominera fäbodkulturen/seterkulturen.</p>



<p>En del av de svenska fäbodbrukarna är med i riksföreningen Sverige Förbundet Sveriges Fäbodkultur och utmarksbruk (FSF) (www.fabod.nu). Vid sidan av riksföreningen finns det även regionala föreningar i Sverige, Dalarnas fäbodbrukarförening (<a rel="noreferrer noopener" href="https://sv-se.facebook.com/dalafabod/" target="_blank">https://sv-se.facebook.com/dalafabod/</a>), Föreningen Värmlands Säterkultur (<a rel="noreferrer noopener" href="https://sv-se.facebook.com/varmlandsaterkultur/" target="_blank">https://sv-se.facebook.com/varmlandsaterkultur/</a>), Gävleborgs fäbodförening (<a rel="noreferrer noopener" href="https://gfabod.blogspot.com/" target="_blank">https://gfabod.blogspot.com</a>), Jämtland Härjedalen Fäbodförening och Värmlands säterbrukarförening . Sedan finns det dessutom olika lokala föreningar.&nbsp;</p>

<p>I Norge finns den nationella föreningen Norsk seterkultur (https://www.seterkultur.no). FSF och Norsk seterkultur är de två drivande föreningarna i projektet att nominera fäbodkulturen/seterkulturen. En del av de svenska fäbodbrukarna är med i riksföreningen Sverige Förbundet Sveriges Fäbodkultur och utmarksbruk (FSF) (www.fabod.nu). Vid sidan av riksföreningen finns det även regionala föreningar i Sverige, Dalarnas fäbodbrukarförening (https://sv-se.facebook.com/dalafabod/), &hellip; </p>
<p class="link-more"><a href="https://blogg.sh.se/biologiskt_kulturarv/de-norska-seteraktorerna/" class="more-link">Fortsätt läsa<span class="screen-reader-text"> ”De norska seteraktörerna”</span></a></p>
