{"id":498,"date":"2023-02-03T10:50:49","date_gmt":"2023-02-03T10:50:49","guid":{"rendered":"https:\/\/blogg.sh.se\/biologiskt_kulturarv\/?page_id=498"},"modified":"2023-02-03T14:31:42","modified_gmt":"2023-02-03T14:31:42","slug":"den-svenska-processen-och-tidslinjen","status":"publish","type":"page","link":"https:\/\/blogg.sh.se\/biologiskt_kulturarv\/den-svenska-processen-och-tidslinjen\/","title":{"rendered":"Den svenska processen och tidslinjen\u00a0"},"content":{"rendered":"\n<figure class=\"wp-block-image size-large is-resized\"><a href=\"https:\/\/blogg.sh.se\/biologiskt_kulturarv\/wp-content\/uploads\/2023\/02\/DSCN9522-scaled.jpg\"><img loading=\"lazy\" src=\"https:\/\/blogg.sh.se\/biologiskt_kulturarv\/wp-content\/uploads\/2023\/02\/DSCN9522-1024x768.jpg\" alt=\"\" class=\"wp-image-568\" width=\"491\" height=\"368\" srcset=\"https:\/\/blogg.sh.se\/biologiskt_kulturarv\/wp-content\/uploads\/2023\/02\/DSCN9522-1024x768.jpg 1024w, https:\/\/blogg.sh.se\/biologiskt_kulturarv\/wp-content\/uploads\/2023\/02\/DSCN9522-300x225.jpg 300w, https:\/\/blogg.sh.se\/biologiskt_kulturarv\/wp-content\/uploads\/2023\/02\/DSCN9522-768x576.jpg 768w, https:\/\/blogg.sh.se\/biologiskt_kulturarv\/wp-content\/uploads\/2023\/02\/DSCN9522-1536x1152.jpg 1536w, https:\/\/blogg.sh.se\/biologiskt_kulturarv\/wp-content\/uploads\/2023\/02\/DSCN9522-2048x1536.jpg 2048w\" sizes=\"(max-width: 491px) 100vw, 491px\" \/><\/a><\/figure>\n\n\n\n<p>Den svenska f\u00e4bodr\u00f6relsen var tidigt p\u00e5 bollen f\u00f6r att f\u00f6rs\u00f6ka anv\u00e4nda sig av Unescos konvention om tryggande av det immateriella kulturarvet f\u00f6r att lyfta v\u00e4rdet med f\u00e4bodkulturen.&nbsp;&nbsp;<\/p>\n\n\n\n<p><strong>2003<\/strong> \u2013 <em>Unesco:s konvention om tryggande av det immateriella kulturarvet<\/em> antas av Unesco.&nbsp;<\/p>\n\n\n\n<p><strong>2004<\/strong> \u2013 H\u00e5kan Tun\u00f3n reflekterar \u00f6ver kopplingen mellan <em>Unescos konvention om skydd f\u00f6r det immateriella kulturarvet <\/em>och artikel 8j om bibeh\u00e5llande av traditionell kunskap inom <em>Konventionen om biologisk m\u00e5ngfald<\/em> samt om traditionella lokalkulturer i Sverige, bl.a. f\u00e4bodbrukare, i rapporten <em>Traditionell kunskap och lokalsamh\u00e4llen: artikel 8j i Sverige<\/em> (<a href=\"https:\/\/www.slu.se\/globalassets\/ew\/org\/centrb\/cbm\/dokument\/publikationer-cbm\/cbm-skriftserie\/cbm-skriftserie-10-traditionell-kunskap-och-lokalsamhallen.pdf\" target=\"_blank\" rel=\"noreferrer noopener\">https:\/\/www.slu.se\/globalassets\/ew\/org\/centrb\/cbm\/dokument\/publikationer-cbm\/cbm-skriftserie\/cbm-skriftserie-10-traditionell-kunskap-och-lokalsamhallen.pdf<\/a>), s. 87\u201388.&nbsp;&nbsp;<\/p>\n\n\n\n<p><strong>2009 <\/strong>\u2013 \u00c5rets f\u00e4bodriksdag genomf\u00f6rdes med temat f\u00e4bodbruket som immateriellt kulturarv och med norsk representation. M\u00f6tet finns sammanfattat i f\u00e4bodriksdagsrapporten (<a href=\"https:\/\/www.slu.se\/globalassets\/ew\/org\/centrb\/cbm\/dokument\/publikationer-cbm\/cbm-skriftserie\/fabodriksdag2009.pdf\" target=\"_blank\" rel=\"noreferrer noopener\">https:\/\/www.slu.se\/globalassets\/ew\/org\/centrb\/cbm\/dokument\/publikationer-cbm\/cbm-skriftserie\/fabodriksdag2009.pdf<\/a>)&nbsp;<\/p>\n\n\n\n<p><strong>2009\u20132011<\/strong> \u2013 Kelvin Ekeland genomf\u00f6rde f\u00f6r G\u00e4vleborgs f\u00e4bodf\u00f6renings r\u00e4kning en f\u00f6rstudie \u00f6ver f\u00e4bodbrukets immateriella aspekter (<a href=\"http:\/\/www.xfabodar.se\/PDF\/Immateriellt_forstudie.pdf\" target=\"_blank\" rel=\"noreferrer noopener\">http:\/\/www.xfabodar.se\/PDF\/Immateriellt_forstudie.pdf<\/a>)&nbsp;<\/p>\n\n\n\n<p><strong>2013\u20132014<\/strong> \u2013 F\u00f6rbundet Svensk F\u00e4bodkultur och utmarksbruk och G\u00e4vleborgs f\u00e4bodf\u00f6rening deltog i ett antal m\u00f6ten f\u00f6r noden f\u00f6r \u201df\u00e4ltet kunskap och sedv\u00e4njor r\u00f6rande naturen\u201d inom ramen f\u00f6r konventionen, men man funderade p\u00e5 att dra sig ur arbetet eftersom det inte verkade leda n\u00e5gonstans. Arr. Riksantikvarie\u00e4mbetet och Institutet f\u00f6r spr\u00e5k och folkminnen.&nbsp;<\/p>\n","protected":false},"excerpt":{"rendered":"<p>Den svenska f\u00e4bodr\u00f6relsen var tidigt p\u00e5 bollen f\u00f6r att f\u00f6rs\u00f6ka anv\u00e4nda sig av Unescos konvention om tryggande av det immateriella kulturarvet f\u00f6r att lyfta v\u00e4rdet med f\u00e4bodkulturen.&nbsp;&nbsp; 2003 \u2013 Unesco:s konvention om tryggande av det immateriella kulturarvet antas av Unesco.&nbsp; 2004 \u2013 H\u00e5kan Tun\u00f3n reflekterar \u00f6ver kopplingen mellan Unescos konvention om skydd f\u00f6r det immateriella &hellip; <\/p>\n<p class=\"link-more\"><a href=\"https:\/\/blogg.sh.se\/biologiskt_kulturarv\/den-svenska-processen-och-tidslinjen\/\" class=\"more-link\">Forts\u00e4tt l\u00e4sa<span class=\"screen-reader-text\"> \u201dDen svenska processen och tidslinjen\u00a0\u201d<\/span><\/a><\/p>\n","protected":false},"author":5,"featured_media":0,"parent":0,"menu_order":0,"comment_status":"closed","ping_status":"closed","template":"","meta":[],"_links":{"self":[{"href":"https:\/\/blogg.sh.se\/biologiskt_kulturarv\/wp-json\/wp\/v2\/pages\/498"}],"collection":[{"href":"https:\/\/blogg.sh.se\/biologiskt_kulturarv\/wp-json\/wp\/v2\/pages"}],"about":[{"href":"https:\/\/blogg.sh.se\/biologiskt_kulturarv\/wp-json\/wp\/v2\/types\/page"}],"author":[{"embeddable":true,"href":"https:\/\/blogg.sh.se\/biologiskt_kulturarv\/wp-json\/wp\/v2\/users\/5"}],"replies":[{"embeddable":true,"href":"https:\/\/blogg.sh.se\/biologiskt_kulturarv\/wp-json\/wp\/v2\/comments?post=498"}],"version-history":[{"count":2,"href":"https:\/\/blogg.sh.se\/biologiskt_kulturarv\/wp-json\/wp\/v2\/pages\/498\/revisions"}],"predecessor-version":[{"id":569,"href":"https:\/\/blogg.sh.se\/biologiskt_kulturarv\/wp-json\/wp\/v2\/pages\/498\/revisions\/569"}],"wp:attachment":[{"href":"https:\/\/blogg.sh.se\/biologiskt_kulturarv\/wp-json\/wp\/v2\/media?parent=498"}],"curies":[{"name":"wp","href":"https:\/\/api.w.org\/{rel}","templated":true}]}}

<figure class="wp-block-image size-large is-resized"><a href="https://blogg.sh.se/biologiskt_kulturarv/wp-content/uploads/2023/02/DSCN9522-scaled.jpg"><img loading="lazy" src="https://blogg.sh.se/biologiskt_kulturarv/wp-content/uploads/2023/02/DSCN9522-1024x768.jpg" alt="" class="wp-image-568" width="491" height="368" srcset="https://blogg.sh.se/biologiskt_kulturarv/wp-content/uploads/2023/02/DSCN9522-1024x768.jpg 1024w, https://blogg.sh.se/biologiskt_kulturarv/wp-content/uploads/2023/02/DSCN9522-300x225.jpg 300w, https://blogg.sh.se/biologiskt_kulturarv/wp-content/uploads/2023/02/DSCN9522-768x576.jpg 768w, https://blogg.sh.se/biologiskt_kulturarv/wp-content/uploads/2023/02/DSCN9522-1536x1152.jpg 1536w, https://blogg.sh.se/biologiskt_kulturarv/wp-content/uploads/2023/02/DSCN9522-2048x1536.jpg 2048w" sizes="(max-width: 491px) 100vw, 491px" /></a></figure>



<p>Den svenska fäbodrörelsen var tidigt på bollen för att försöka använda sig av Unescos konvention om tryggande av det immateriella kulturarvet för att lyfta värdet med fäbodkulturen.&nbsp;&nbsp;</p>



<p><strong>2003</strong> – <em>Unesco:s konvention om tryggande av det immateriella kulturarvet</em> antas av Unesco.&nbsp;</p>



<p><strong>2004</strong> – Håkan Tunón reflekterar över kopplingen mellan <em>Unescos konvention om skydd för det immateriella kulturarvet </em>och artikel 8j om bibehållande av traditionell kunskap inom <em>Konventionen om biologisk mångfald</em> samt om traditionella lokalkulturer i Sverige, bl.a. fäbodbrukare, i rapporten <em>Traditionell kunskap och lokalsamhällen: artikel 8j i Sverige</em> (<a href="https://www.slu.se/globalassets/ew/org/centrb/cbm/dokument/publikationer-cbm/cbm-skriftserie/cbm-skriftserie-10-traditionell-kunskap-och-lokalsamhallen.pdf" target="_blank" rel="noreferrer noopener">https://www.slu.se/globalassets/ew/org/centrb/cbm/dokument/publikationer-cbm/cbm-skriftserie/cbm-skriftserie-10-traditionell-kunskap-och-lokalsamhallen.pdf</a>), s. 87–88.&nbsp;&nbsp;</p>



<p><strong>2009 </strong>– Årets fäbodriksdag genomfördes med temat fäbodbruket som immateriellt kulturarv och med norsk representation. Mötet finns sammanfattat i fäbodriksdagsrapporten (<a href="https://www.slu.se/globalassets/ew/org/centrb/cbm/dokument/publikationer-cbm/cbm-skriftserie/fabodriksdag2009.pdf" target="_blank" rel="noreferrer noopener">https://www.slu.se/globalassets/ew/org/centrb/cbm/dokument/publikationer-cbm/cbm-skriftserie/fabodriksdag2009.pdf</a>)&nbsp;</p>



<p><strong>2009–2011</strong> – Kelvin Ekeland genomförde för Gävleborgs fäbodförenings räkning en förstudie över fäbodbrukets immateriella aspekter (<a href="http://www.xfabodar.se/PDF/Immateriellt_forstudie.pdf" target="_blank" rel="noreferrer noopener">http://www.xfabodar.se/PDF/Immateriellt_forstudie.pdf</a>)&nbsp;</p>



<p><strong>2013–2014</strong> – Förbundet Svensk Fäbodkultur och utmarksbruk och Gävleborgs fäbodförening deltog i ett antal möten för noden för ”fältet kunskap och sedvänjor rörande naturen” inom ramen för konventionen, men man funderade på att dra sig ur arbetet eftersom det inte verkade leda någonstans. Arr. Riksantikvarieämbetet och Institutet för språk och folkminnen.&nbsp;</p>

<p>Den svenska fäbodrörelsen var tidigt på bollen för att försöka använda sig av Unescos konvention om tryggande av det immateriella kulturarvet för att lyfta värdet med fäbodkulturen.&nbsp;&nbsp; 2003 – Unesco:s konvention om tryggande av det immateriella kulturarvet antas av Unesco.&nbsp; 2004 – Håkan Tunón reflekterar över kopplingen mellan Unescos konvention om skydd för det immateriella &hellip; </p>
<p class="link-more"><a href="https://blogg.sh.se/biologiskt_kulturarv/den-svenska-processen-och-tidslinjen/" class="more-link">Fortsätt läsa<span class="screen-reader-text"> ”Den svenska processen och tidslinjen ”</span></a></p>
