{"id":461,"date":"2023-02-02T09:18:38","date_gmt":"2023-02-02T09:18:38","guid":{"rendered":"https:\/\/blogg.sh.se\/biologiskt_kulturarv\/?page_id=461"},"modified":"2023-02-03T14:16:47","modified_gmt":"2023-02-03T14:16:47","slug":"pastoralism-2","status":"publish","type":"page","link":"https:\/\/blogg.sh.se\/biologiskt_kulturarv\/pastoralism-2\/","title":{"rendered":"pastoralism"},"content":{"rendered":"\n<figure class=\"wp-block-image size-large is-resized\"><a href=\"https:\/\/blogg.sh.se\/biologiskt_kulturarv\/wp-content\/uploads\/2023\/02\/unnamed-2-scaled.jpg\"><img loading=\"lazy\" src=\"https:\/\/blogg.sh.se\/biologiskt_kulturarv\/wp-content\/uploads\/2023\/02\/unnamed-2-1024x768.jpg\" alt=\"\" class=\"wp-image-549\" width=\"434\" height=\"325\" srcset=\"https:\/\/blogg.sh.se\/biologiskt_kulturarv\/wp-content\/uploads\/2023\/02\/unnamed-2-1024x768.jpg 1024w, https:\/\/blogg.sh.se\/biologiskt_kulturarv\/wp-content\/uploads\/2023\/02\/unnamed-2-300x225.jpg 300w, https:\/\/blogg.sh.se\/biologiskt_kulturarv\/wp-content\/uploads\/2023\/02\/unnamed-2-768x576.jpg 768w, https:\/\/blogg.sh.se\/biologiskt_kulturarv\/wp-content\/uploads\/2023\/02\/unnamed-2-1536x1152.jpg 1536w, https:\/\/blogg.sh.se\/biologiskt_kulturarv\/wp-content\/uploads\/2023\/02\/unnamed-2-2048x1536.jpg 2048w\" sizes=\"(max-width: 434px) 100vw, 434px\" \/><\/a><\/figure>\n\n\n\n<p>Pastoralism og transhumans: Begrepet \u201cpastoralism\u201d beskriver et nomadiserende\u00a0\u00a0\u00a0 husdyrhold, der man flytter med dyra til steder med bedre beiter. \u201cTranshumance\u201d er ogs\u00e5 et begrep som anvendes for \u00e5 beskrive forflyttingen mellom forskjellige beitemarker. Dette handler alts\u00e5 om sesongmessige forflyttinger mellom faste sommer- og vinterbeiter, og ofte da en forflytting mellom lavlandet og fjellet.\u00a0<\/p>\n","protected":false},"excerpt":{"rendered":"<p>Pastoralism og transhumans: Begrepet \u201cpastoralism\u201d beskriver et nomadiserende\u00a0\u00a0\u00a0 husdyrhold, der man flytter med dyra til steder med bedre beiter. \u201cTranshumance\u201d er ogs\u00e5 et begrep som anvendes for \u00e5 beskrive forflyttingen mellom forskjellige beitemarker. Dette handler alts\u00e5 om sesongmessige forflyttinger mellom faste sommer- og vinterbeiter, og ofte da en forflytting mellom lavlandet og fjellet.\u00a0<\/p>\n","protected":false},"author":5,"featured_media":0,"parent":0,"menu_order":0,"comment_status":"closed","ping_status":"closed","template":"","meta":[],"_links":{"self":[{"href":"https:\/\/blogg.sh.se\/biologiskt_kulturarv\/wp-json\/wp\/v2\/pages\/461"}],"collection":[{"href":"https:\/\/blogg.sh.se\/biologiskt_kulturarv\/wp-json\/wp\/v2\/pages"}],"about":[{"href":"https:\/\/blogg.sh.se\/biologiskt_kulturarv\/wp-json\/wp\/v2\/types\/page"}],"author":[{"embeddable":true,"href":"https:\/\/blogg.sh.se\/biologiskt_kulturarv\/wp-json\/wp\/v2\/users\/5"}],"replies":[{"embeddable":true,"href":"https:\/\/blogg.sh.se\/biologiskt_kulturarv\/wp-json\/wp\/v2\/comments?post=461"}],"version-history":[{"count":2,"href":"https:\/\/blogg.sh.se\/biologiskt_kulturarv\/wp-json\/wp\/v2\/pages\/461\/revisions"}],"predecessor-version":[{"id":550,"href":"https:\/\/blogg.sh.se\/biologiskt_kulturarv\/wp-json\/wp\/v2\/pages\/461\/revisions\/550"}],"wp:attachment":[{"href":"https:\/\/blogg.sh.se\/biologiskt_kulturarv\/wp-json\/wp\/v2\/media?parent=461"}],"curies":[{"name":"wp","href":"https:\/\/api.w.org\/{rel}","templated":true}]}}