{"id":809,"date":"2025-01-21T14:59:47","date_gmt":"2025-01-21T13:59:47","guid":{"rendered":"https:\/\/blogg.sh.se\/artspace\/?post_type=tribe_events&#038;p=809"},"modified":"2025-01-21T14:59:47","modified_gmt":"2025-01-21T13:59:47","slug":"vernissage-inny-betyder-annan-pa-polska","status":"publish","type":"tribe_events","link":"https:\/\/blogg.sh.se\/artspace\/kalender\/vernissage-inny-betyder-annan-pa-polska\/","title":{"rendered":"Vernissage &#8221;Inny betyder annan p\u00e5 polska&#8221;"},"content":{"rendered":"<p><strong>Den 23 januari 2025 \u00f6ppnar \u00e5rets f\u00f6rsta utst\u00e4llning med ett vernissage p\u00e5 Art Space S\u00f6dert\u00f6rn. <\/strong><\/p>\n<p>Utst\u00e4llningen &#8221;Inny betyder annan p\u00e5 polska&#8221; av konstn\u00e4ren Ann Fr\u00f6ss\u00e9n \u00e4r till\u00e4gnad havet och en r\u00f6relse mellan V\u00e4st- och \u00d6steuropa. Den stora m\u00e5lningen &#8221;Turbulence&#8221; str\u00e4cker ut sig \u00f6ver hela gallerirummet. Dessutom visas ett par modellteckningar och en abstraherande m\u00e5lning fr\u00e5n konstn\u00e4rens akademistudier i Warszawa.<\/p>\n<p><strong>Vernissage:<\/strong> 23 januari kl. 17.00-18.30, i konstn\u00e4rens n\u00e4rvaro<br \/>\n<strong>Utst\u00e4llningsperiod: <\/strong>23 januari \u2013 14 mars<\/p>\n","protected":false},"excerpt":{"rendered":"<p>Utst\u00e4llningen &#8221;Inny betyder annan p\u00e5 polska&#8221; av konstn\u00e4ren Ann Fr\u00f6ss\u00e9n \u00e4r till\u00e4gnad havet och en r\u00f6relse mellan V\u00e4st- och \u00d6steuropa.<\/p>\n","protected":false},"author":1,"featured_media":0,"comment_status":"closed","ping_status":"closed","template":"","meta":{"_tribe_events_status":"","_tribe_events_status_reason":"","footnotes":""},"tags":[],"tribe_events_cat":[],"class_list":["post-809","tribe_events","type-tribe_events","status-publish","hentry"],"_links":{"self":[{"href":"https:\/\/blogg.sh.se\/artspace\/wp-json\/wp\/v2\/tribe_events\/809","targetHints":{"allow":["GET"]}}],"collection":[{"href":"https:\/\/blogg.sh.se\/artspace\/wp-json\/wp\/v2\/tribe_events"}],"about":[{"href":"https:\/\/blogg.sh.se\/artspace\/wp-json\/wp\/v2\/types\/tribe_events"}],"author":[{"embeddable":true,"href":"https:\/\/blogg.sh.se\/artspace\/wp-json\/wp\/v2\/users\/1"}],"replies":[{"embeddable":true,"href":"https:\/\/blogg.sh.se\/artspace\/wp-json\/wp\/v2\/comments?post=809"}],"version-history":[{"count":4,"href":"https:\/\/blogg.sh.se\/artspace\/wp-json\/wp\/v2\/tribe_events\/809\/revisions"}],"predecessor-version":[{"id":813,"href":"https:\/\/blogg.sh.se\/artspace\/wp-json\/wp\/v2\/tribe_events\/809\/revisions\/813"}],"wp:attachment":[{"href":"https:\/\/blogg.sh.se\/artspace\/wp-json\/wp\/v2\/media?parent=809"}],"wp:term":[{"taxonomy":"post_tag","embeddable":true,"href":"https:\/\/blogg.sh.se\/artspace\/wp-json\/wp\/v2\/tags?post=809"},{"taxonomy":"tribe_events_cat","embeddable":true,"href":"https:\/\/blogg.sh.se\/artspace\/wp-json\/wp\/v2\/tribe_events_cat?post=809"}],"curies":[{"name":"wp","href":"https:\/\/api.w.org\/{rel}","templated":true}]}}

Vernissage &#8221;Inny betyder annan på polska&#8221;

<p><strong>Den 23 januari 2025 öppnar årets första utställning med ett vernissage på Art Space Södertörn. </strong></p>
<p>Utställningen &#8221;Inny betyder annan på polska&#8221; av konstnären Ann Frössén är tillägnad havet och en rörelse mellan Väst- och Östeuropa. Den stora målningen &#8221;Turbulence&#8221; sträcker ut sig över hela gallerirummet. Dessutom visas ett par modellteckningar och en abstraherande målning från konstnärens akademistudier i Warszawa.</p>
<p><strong>Vernissage:</strong> 23 januari kl. 17.00-18.30, i konstnärens närvaro<br />
<strong>Utställningsperiod: </strong>23 januari – 14 mars</p>

<p>Utställningen &#8221;Inny betyder annan på polska&#8221; av konstnären Ann Frössén är tillägnad havet och en rörelse mellan Väst- och Östeuropa.</p>
