{"id":956,"date":"2025-10-23T10:22:34","date_gmt":"2025-10-23T09:22:34","guid":{"rendered":"https:\/\/blogg.sh.se\/artspace\/?page_id=956"},"modified":"2026-01-20T12:49:38","modified_gmt":"2026-01-20T11:49:38","slug":"atmospheric-forest","status":"publish","type":"page","link":"https:\/\/blogg.sh.se\/artspace\/utstallningar\/atmospheric-forest\/","title":{"rendered":"Atmospheric Forest"},"content":{"rendered":"\n<h4 class=\"wp-block-heading has-text-align-center\">Rasa \u015cmite &amp; Raitis \u015cmits<\/h4>\n\n\n\n<p class=\"has-text-align-center\"><strong>6 november &#8211; 18 december 2025<\/strong><\/p>\n\n\n\n<figure class=\"wp-block-image size-full\"><img loading=\"lazy\" decoding=\"async\" width=\"980\" height=\"590\" src=\"https:\/\/blogg.sh.se\/artspace\/wp-content\/uploads\/2025\/10\/af3-1.jpg\" alt=\"\" class=\"wp-image-958\" srcset=\"https:\/\/blogg.sh.se\/artspace\/wp-content\/uploads\/2025\/10\/af3-1.jpg 980w, https:\/\/blogg.sh.se\/artspace\/wp-content\/uploads\/2025\/10\/af3-1-300x181.jpg 300w, https:\/\/blogg.sh.se\/artspace\/wp-content\/uploads\/2025\/10\/af3-1-768x462.jpg 768w\" sizes=\"auto, (max-width: 980px) 100vw, 980px\" \/><\/figure>\n\n\n\n<p>Art Space 13.e utst\u00e4llning visar en version av <em>Atmospheric Forest<\/em>, en<br>installation av de lettiska konstn\u00e4rerna Rasa \u015cmite och Raitis \u015cmits.<br><\/p>\n\n\n\n<p><em>Atmospheric Forest<\/em> visualiserar den komplexa relationen mellan en skog, klimatf\u00f6r\u00e4ndring och atmosf\u00e4r. <\/p>\n\n\n\n<p>H\u00e4r framst\u00e4lls interaktionsm\u00f6nstren mellan tallars utsl\u00e4pp i Pfynwald som \u00e4r en gammal schweizisk alpskog, och v\u00e4derf\u00f6rh\u00e5llandena i denna dal som \u00e4r starkt p\u00e5verkad av torka. Konstn\u00e4rarna har genomf\u00f6rt unders\u00f6kningar av klimatp\u00e5verkan p\u00e5 skogen. Utst\u00e4llningen presenterar \u00e4ven deras samarbete, som konstn\u00e4rer, med naturvetenskapliga forskare. Bes\u00f6karna m\u00f6ts av visuella och audiella gestaltningar av kommunikationen mellan skog och klimat genom videoverk, immersiv VR och objekt. <\/p>\n\n\n\n<p>Se mer p\u00e5 konstn\u00e4rernas hemsida: https:\/\/smitesmits.com.<\/p>\n\n\n\n<p><sub>Utst\u00e4llningen \u00e4r producerat av Art Space p\u00e5 initiativ av Prof. Karin Hansson, S\u00f6dert\u00f6rns h\u00f6gskola och i samarbete med h\u00f6gskolans forskningsplattformar <em>Digitala transformationer och EcoJust-R\u00e4ttvis h\u00e5llbarhetsomst\u00e4llning<\/em>. Tack till \u00e4mnet Medieteknik, Campus- och IT-avdelningen &amp; hela Art Space- teamet.<\/sub><\/p>\n\n\n\n<hr class=\"wp-block-separator has-alpha-channel-opacity\"\/>\n\n\n\n<p>The 13th Art Space exhibition showcases a version of <em>Atmospheric Forest<\/em>, an installation by the Latvian artists Rasa \u015cmite and Raitis \u015cmits. <\/p>\n\n\n\n<p><em>Atmospheric Forest <\/em>visualises the complex relationship between a forest, climate change and the atmosphere. <\/p>\n\n\n\n<p>Visitors are greeted by visual and audio representations of the communication<br>between forest and climate through video art, immersive VR and objects. The artists have conducted direct research into the impact of climate change on forests. The exhibition also presents their collaboration with natural scientists. Here, the interaction patterns between the emissions of the pines in Pfynwald, an old Swiss alpine forest, and the local weather conditions which is strongly<br>affected by drought, emerges. <\/p>\n\n\n\n<p>Read more on the artists website: https:\/\/smitesmits.com.<br><\/p>\n\n\n\n<p><sub>The exhibition was produced at the initiative of Prof. Karin Hansson, S\u00f6dert\u00f6rn University, in collaboration with the university&#8217;s research platforms <em>Digital Transformations and Ecologically and Socially Just Sustainability Transformations<\/em>. Thanks also to the Department of Media Technology, the Campus- and IT-department &amp; the entire Art Space team.<\/sub><\/p>\n\n\n\n<p><\/p>\n","protected":false},"excerpt":{"rendered":"<p>Rasa \u015cmite &amp; Raitis \u015cmits 6 november &#8211; 18 december 2025 Art Space 13.e utst\u00e4llning visar en version av Atmospheric Forest, eninstallation av de lettiska konstn\u00e4rerna Rasa \u015cmite och Raitis [&hellip;]<\/p>\n","protected":false},"author":7,"featured_media":0,"parent":27,"menu_order":0,"comment_status":"closed","ping_status":"closed","template":"","meta":{"footnotes":""},"class_list":["post-956","page","type-page","status-publish","hentry"],"_links":{"self":[{"href":"https:\/\/blogg.sh.se\/artspace\/wp-json\/wp\/v2\/pages\/956","targetHints":{"allow":["GET"]}}],"collection":[{"href":"https:\/\/blogg.sh.se\/artspace\/wp-json\/wp\/v2\/pages"}],"about":[{"href":"https:\/\/blogg.sh.se\/artspace\/wp-json\/wp\/v2\/types\/page"}],"author":[{"embeddable":true,"href":"https:\/\/blogg.sh.se\/artspace\/wp-json\/wp\/v2\/users\/7"}],"replies":[{"embeddable":true,"href":"https:\/\/blogg.sh.se\/artspace\/wp-json\/wp\/v2\/comments?post=956"}],"version-history":[{"count":7,"href":"https:\/\/blogg.sh.se\/artspace\/wp-json\/wp\/v2\/pages\/956\/revisions"}],"predecessor-version":[{"id":980,"href":"https:\/\/blogg.sh.se\/artspace\/wp-json\/wp\/v2\/pages\/956\/revisions\/980"}],"up":[{"embeddable":true,"href":"https:\/\/blogg.sh.se\/artspace\/wp-json\/wp\/v2\/pages\/27"}],"wp:attachment":[{"href":"https:\/\/blogg.sh.se\/artspace\/wp-json\/wp\/v2\/media?parent=956"}],"curies":[{"name":"wp","href":"https:\/\/api.w.org\/{rel}","templated":true}]}}

<h4 class="wp-block-heading has-text-align-center">Rasa Ŝmite &amp; Raitis Ŝmits</h4>



<p class="has-text-align-center"><strong>6 november &#8211; 18 december 2025</strong></p>



<figure class="wp-block-image size-full"><img loading="lazy" decoding="async" width="980" height="590" src="https://blogg.sh.se/artspace/wp-content/uploads/2025/10/af3-1.jpg" alt="" class="wp-image-958" srcset="https://blogg.sh.se/artspace/wp-content/uploads/2025/10/af3-1.jpg 980w, https://blogg.sh.se/artspace/wp-content/uploads/2025/10/af3-1-300x181.jpg 300w, https://blogg.sh.se/artspace/wp-content/uploads/2025/10/af3-1-768x462.jpg 768w" sizes="auto, (max-width: 980px) 100vw, 980px" /></figure>



<p>Art Space 13.e utställning visar en version av <em>Atmospheric Forest</em>, en<br>installation av de lettiska konstnärerna Rasa Ŝmite och Raitis Ŝmits.<br></p>



<p><em>Atmospheric Forest</em> visualiserar den komplexa relationen mellan en skog, klimatförändring och atmosfär. </p>



<p>Här framställs interaktionsmönstren mellan tallars utsläpp i Pfynwald som är en gammal schweizisk alpskog, och väderförhållandena i denna dal som är starkt påverkad av torka. Konstnärarna har genomfört undersökningar av klimatpåverkan på skogen. Utställningen presenterar även deras samarbete, som konstnärer, med naturvetenskapliga forskare. Besökarna möts av visuella och audiella gestaltningar av kommunikationen mellan skog och klimat genom videoverk, immersiv VR och objekt. </p>



<p>Se mer på konstnärernas hemsida: https://smitesmits.com.</p>



<p><sub>Utställningen är producerat av Art Space på initiativ av Prof. Karin Hansson, Södertörns högskola och i samarbete med högskolans forskningsplattformar <em>Digitala transformationer och EcoJust-Rättvis hållbarhetsomställning</em>. Tack till ämnet Medieteknik, Campus- och IT-avdelningen &amp; hela Art Space- teamet.</sub></p>



<hr class="wp-block-separator has-alpha-channel-opacity"/>



<p>The 13th Art Space exhibition showcases a version of <em>Atmospheric Forest</em>, an installation by the Latvian artists Rasa Ŝmite and Raitis Ŝmits. </p>



<p><em>Atmospheric Forest </em>visualises the complex relationship between a forest, climate change and the atmosphere. </p>



<p>Visitors are greeted by visual and audio representations of the communication<br>between forest and climate through video art, immersive VR and objects. The artists have conducted direct research into the impact of climate change on forests. The exhibition also presents their collaboration with natural scientists. Here, the interaction patterns between the emissions of the pines in Pfynwald, an old Swiss alpine forest, and the local weather conditions which is strongly<br>affected by drought, emerges. </p>



<p>Read more on the artists website: https://smitesmits.com.<br></p>



<p><sub>The exhibition was produced at the initiative of Prof. Karin Hansson, Södertörn University, in collaboration with the university&#8217;s research platforms <em>Digital Transformations and Ecologically and Socially Just Sustainability Transformations</em>. Thanks also to the Department of Media Technology, the Campus- and IT-department &amp; the entire Art Space team.</sub></p>



<p></p>

<p>Rasa Ŝmite &amp; Raitis Ŝmits 6 november &#8211; 18 december 2025 Art Space 13.e utställning visar en version av Atmospheric Forest, eninstallation av de lettiska konstnärerna Rasa Ŝmite och Raitis [&hellip;]</p>
